{"id":3341,"date":"2026-04-18T02:33:01","date_gmt":"2026-04-18T00:33:01","guid":{"rendered":"https:\/\/rubi.com.py\/index.php\/producto\/presentador-inalambrico-con-laser-kolke-kvv-783\/"},"modified":"2026-04-18T02:33:01","modified_gmt":"2026-04-18T00:33:01","slug":"presentador-inalambrico-con-laser-kolke-kvv-783","status":"publish","type":"product","link":"https:\/\/rubi.com.py\/index.php\/producto\/presentador-inalambrico-con-laser-kolke-kvv-783\/","title":{"rendered":"PRESENTADOR INALAMBRICO CON LASER KOLKE KVV-783"},"content":{"rendered":"<p>PRESENTADOR INALAMBRICO CON LASER KOLKE KVV-783 Caracter\u00edsticas: -Bater\u00eda de larga duraci\u00f3n: Funciona hasta 60 d\u00edas con 1 pila AAA. -Amplia compatibilidad de formatos: PDF, PPT, Word, Excel, Keynote y Google Slides. -Compatibilidad con m\u00faltiples sistemas operativos: Windows 2003\/XP\/Vista\/7\/8, Mac OS y Linux. Conexi\u00f3n inal\u00e1mbrica mediante receptor USB (incluido). -Plug and Play: No requiere instalaci\u00f3n de software. -Dise\u00f1o pr\u00e1ctico con clip para f\u00e1cil transporte. -Uso preciso incluso en espacios oscuros (dise\u00f1o de punto ciego). -Alcance inal\u00e1mbrico: hasta 100 m. -Alcance del l\u00e1ser: hasta 200 m. -Frecuencia RF: 2,4 GHz. -Longitud de onda del l\u00e1ser: 650 nm (rojo). -Alimentaci\u00f3n: 1,5 V (1 pila AAA). -Peso: 24 g. -Dimensiones: 17,6 \u00d7 4,4 \u00d7 2,2 cm.<\/p>\n","protected":false},"excerpt":{"rendered":"<p>PRESENTADOR INALAMBRICO CON LASER KOLKE KVV-783<\/p>\n","protected":false},"featured_media":3340,"comment_status":"open","ping_status":"closed","template":"","meta":{"_et_pb_use_builder":"","_et_pb_old_content":"","_et_gb_content_width":""},"product_brand":[],"product_cat":[46],"product_tag":[],"class_list":{"0":"post-3341","1":"product","2":"type-product","3":"status-publish","4":"has-post-thumbnail","6":"product_cat-tecnologia","8":"first","9":"instock","10":"shipping-taxable","11":"purchasable","12":"product-type-simple"},"_links":{"self":[{"href":"https:\/\/rubi.com.py\/index.php\/wp-json\/wp\/v2\/product\/3341","targetHints":{"allow":["GET"]}}],"collection":[{"href":"https:\/\/rubi.com.py\/index.php\/wp-json\/wp\/v2\/product"}],"about":[{"href":"https:\/\/rubi.com.py\/index.php\/wp-json\/wp\/v2\/types\/product"}],"replies":[{"embeddable":true,"href":"https:\/\/rubi.com.py\/index.php\/wp-json\/wp\/v2\/comments?post=3341"}],"wp:featuredmedia":[{"embeddable":true,"href":"https:\/\/rubi.com.py\/index.php\/wp-json\/wp\/v2\/media\/3340"}],"wp:attachment":[{"href":"https:\/\/rubi.com.py\/index.php\/wp-json\/wp\/v2\/media?parent=3341"}],"wp:term":[{"taxonomy":"product_brand","embeddable":true,"href":"https:\/\/rubi.com.py\/index.php\/wp-json\/wp\/v2\/product_brand?post=3341"},{"taxonomy":"product_cat","embeddable":true,"href":"https:\/\/rubi.com.py\/index.php\/wp-json\/wp\/v2\/product_cat?post=3341"},{"taxonomy":"product_tag","embeddable":true,"href":"https:\/\/rubi.com.py\/index.php\/wp-json\/wp\/v2\/product_tag?post=3341"}],"curies":[{"name":"wp","href":"https:\/\/api.w.org\/{rel}","templated":true}]}}