{"id":3345,"date":"2026-04-18T20:15:23","date_gmt":"2026-04-18T18:15:23","guid":{"rendered":"https:\/\/rubi.com.py\/index.php\/producto\/deshumidificador-de-20l-wifi-nappo-nvd-298\/"},"modified":"2026-04-18T20:15:23","modified_gmt":"2026-04-18T18:15:23","slug":"deshumidificador-de-20l-wifi-nappo-nvd-298","status":"publish","type":"product","link":"https:\/\/rubi.com.py\/index.php\/producto\/deshumidificador-de-20l-wifi-nappo-nvd-298\/","title":{"rendered":"DESHUMIDIFICADOR DE 20L WIFI NAPPO NVD-298"},"content":{"rendered":"<p>DESHUMIDIFICADOR DE 20L WIFI NAPPO NVD-298 Caracter\u00edsticas: -Capacidad: 20L. -Potencia: 350W. -4 modos de deshumidificaci\u00f3n: Est\u00e1ndar, D\u00edas lluviosos, Dormir y Secador. -Control mediante App Tuya. -Dos velocidades ajustables. -Dos formas de drenaje: Drenaje cont\u00ednuo o Tanque de agua de 3L. -Panel t\u00e1ctil. -Timer. -Bot\u00f3n de bloqueo para ni\u00f1os. -Ruedas integradas para mayor movilidad. -Silencioso.<\/p>\n","protected":false},"excerpt":{"rendered":"<p>DESHUMIDIFICADOR DE 20L WIFI NAPPO NVD-298<\/p>\n","protected":false},"featured_media":3344,"comment_status":"open","ping_status":"closed","template":"","meta":{"_et_pb_use_builder":"","_et_pb_old_content":"","_et_gb_content_width":""},"product_brand":[],"product_cat":[38],"product_tag":[],"class_list":{"0":"post-3345","1":"product","2":"type-product","3":"status-publish","4":"has-post-thumbnail","6":"product_cat-hogar-y-limpieza","8":"first","9":"instock","10":"shipping-taxable","11":"purchasable","12":"product-type-simple"},"_links":{"self":[{"href":"https:\/\/rubi.com.py\/index.php\/wp-json\/wp\/v2\/product\/3345","targetHints":{"allow":["GET"]}}],"collection":[{"href":"https:\/\/rubi.com.py\/index.php\/wp-json\/wp\/v2\/product"}],"about":[{"href":"https:\/\/rubi.com.py\/index.php\/wp-json\/wp\/v2\/types\/product"}],"replies":[{"embeddable":true,"href":"https:\/\/rubi.com.py\/index.php\/wp-json\/wp\/v2\/comments?post=3345"}],"wp:featuredmedia":[{"embeddable":true,"href":"https:\/\/rubi.com.py\/index.php\/wp-json\/wp\/v2\/media\/3344"}],"wp:attachment":[{"href":"https:\/\/rubi.com.py\/index.php\/wp-json\/wp\/v2\/media?parent=3345"}],"wp:term":[{"taxonomy":"product_brand","embeddable":true,"href":"https:\/\/rubi.com.py\/index.php\/wp-json\/wp\/v2\/product_brand?post=3345"},{"taxonomy":"product_cat","embeddable":true,"href":"https:\/\/rubi.com.py\/index.php\/wp-json\/wp\/v2\/product_cat?post=3345"},{"taxonomy":"product_tag","embeddable":true,"href":"https:\/\/rubi.com.py\/index.php\/wp-json\/wp\/v2\/product_tag?post=3345"}],"curies":[{"name":"wp","href":"https:\/\/api.w.org\/{rel}","templated":true}]}}