{"id":3373,"date":"2026-04-18T20:25:03","date_gmt":"2026-04-18T18:25:03","guid":{"rendered":"https:\/\/rubi.com.py\/index.php\/producto\/smart-tv-box-4k-android-14-wifi-6-dual-band-kvv-765\/"},"modified":"2026-04-18T20:25:03","modified_gmt":"2026-04-18T18:25:03","slug":"smart-tv-box-4k-android-14-wifi-6-dual-band-kvv-765","status":"publish","type":"product","link":"https:\/\/rubi.com.py\/index.php\/producto\/smart-tv-box-4k-android-14-wifi-6-dual-band-kvv-765\/","title":{"rendered":"SMART TV BOX 4K ANDROID 14 WIFI 6 DUAL BAND KVV-765"},"content":{"rendered":"<p>SMART TV BOX 4K ANDROID 14 WIFI 6 DUAL BAND KVV-765 Caracter\u00edsticas: -Sistema operativo: Android 14.0 -Procesador: Allwinner H618 Quad Core 64 bits -Gr\u00e1ficos: GPU Multi-Core G31 -Resoluci\u00f3n: 4K UHD (3840&#215;2160) con HDR10 y HLG -Memoria: 4 GB RAM \/ 64 GB ROM (expandible hasta 128 GB) -Conectividad: WiFi 6 Dual Band (2.4G + 5G), -Ethernet RJ45, Bluetooth 5.X -Puertos: 2x USB 2.0, 1x HDMI 2.0, 1x AV, 1x -MicroSD -Compatibilidad: Mouse y teclado inal\u00e1mbricos (2.4 GHz) -Apps preinstaladas: YouTube, Netflix, Prime Video, Disney+, HBO Max y m\u00e1s -Incluye: Control remoto con voz, cable HDMI, adaptador de corriente -Dimensiones: 10,4 \u00d7 10,4 \u00d7 1,9 cm -Alimentaci\u00f3n: 100\u2013240V ~ 50\/60Hz<\/p>\n","protected":false},"excerpt":{"rendered":"<p>SMART TV BOX 4K ANDROID 14 WIFI 6 DUAL BAND KVV-765<\/p>\n","protected":false},"featured_media":3372,"comment_status":"open","ping_status":"closed","template":"","meta":{"_et_pb_use_builder":"","_et_pb_old_content":"","_et_gb_content_width":""},"product_brand":[],"product_cat":[46],"product_tag":[],"class_list":{"0":"post-3373","1":"product","2":"type-product","3":"status-publish","4":"has-post-thumbnail","6":"product_cat-tecnologia","8":"first","9":"instock","10":"shipping-taxable","11":"purchasable","12":"product-type-simple"},"_links":{"self":[{"href":"https:\/\/rubi.com.py\/index.php\/wp-json\/wp\/v2\/product\/3373","targetHints":{"allow":["GET"]}}],"collection":[{"href":"https:\/\/rubi.com.py\/index.php\/wp-json\/wp\/v2\/product"}],"about":[{"href":"https:\/\/rubi.com.py\/index.php\/wp-json\/wp\/v2\/types\/product"}],"replies":[{"embeddable":true,"href":"https:\/\/rubi.com.py\/index.php\/wp-json\/wp\/v2\/comments?post=3373"}],"wp:featuredmedia":[{"embeddable":true,"href":"https:\/\/rubi.com.py\/index.php\/wp-json\/wp\/v2\/media\/3372"}],"wp:attachment":[{"href":"https:\/\/rubi.com.py\/index.php\/wp-json\/wp\/v2\/media?parent=3373"}],"wp:term":[{"taxonomy":"product_brand","embeddable":true,"href":"https:\/\/rubi.com.py\/index.php\/wp-json\/wp\/v2\/product_brand?post=3373"},{"taxonomy":"product_cat","embeddable":true,"href":"https:\/\/rubi.com.py\/index.php\/wp-json\/wp\/v2\/product_cat?post=3373"},{"taxonomy":"product_tag","embeddable":true,"href":"https:\/\/rubi.com.py\/index.php\/wp-json\/wp\/v2\/product_tag?post=3373"}],"curies":[{"name":"wp","href":"https:\/\/api.w.org\/{rel}","templated":true}]}}