{"id":3382,"date":"2026-04-18T20:28:36","date_gmt":"2026-04-18T18:28:36","guid":{"rendered":"https:\/\/rubi.com.py\/index.php\/producto\/aspiradora-wet-dry-12l-1300w-nappo-nlai-316\/"},"modified":"2026-04-18T20:28:36","modified_gmt":"2026-04-18T18:28:36","slug":"aspiradora-wet-dry-12l-1300w-nappo-nlai-316","status":"publish","type":"product","link":"https:\/\/rubi.com.py\/index.php\/producto\/aspiradora-wet-dry-12l-1300w-nappo-nlai-316\/","title":{"rendered":"ASPIRADORA WET &amp; DRY 12L 1300W NAPPO NLAI-316"},"content":{"rendered":"<p>ASPIRADORA WET &amp; DRY 12L 1300W NAPPO NLAI-316 Caracter\u00edsticas: -Potente succi\u00f3n para una limpieza profunda \u226517 KPa. -Aspira polvo y l\u00edquidos con facilidad (limpieza h\u00fameda y seca). -Potencia: 1300 W. -Pr\u00e1ctica funci\u00f3n de soplado. -Dep\u00f3sito de gran capacidad. -Accesorios incluidos: Cepillo h\u00famedo y seco, Boquilla 2 en 1, Bolsa para polvo, Filtro de esponja, Manguera de 1,5 m.<\/p>\n","protected":false},"excerpt":{"rendered":"<p>ASPIRADORA WET &amp; DRY 12L 1300W NAPPO NLAI-316<\/p>\n","protected":false},"featured_media":0,"comment_status":"open","ping_status":"closed","template":"","meta":{"_et_pb_use_builder":"","_et_pb_old_content":"","_et_gb_content_width":""},"product_brand":[],"product_cat":[38],"product_tag":[],"class_list":{"0":"post-3382","1":"product","2":"type-product","3":"status-publish","5":"product_cat-hogar-y-limpieza","7":"first","8":"instock","9":"shipping-taxable","10":"purchasable","11":"product-type-simple"},"_links":{"self":[{"href":"https:\/\/rubi.com.py\/index.php\/wp-json\/wp\/v2\/product\/3382","targetHints":{"allow":["GET"]}}],"collection":[{"href":"https:\/\/rubi.com.py\/index.php\/wp-json\/wp\/v2\/product"}],"about":[{"href":"https:\/\/rubi.com.py\/index.php\/wp-json\/wp\/v2\/types\/product"}],"replies":[{"embeddable":true,"href":"https:\/\/rubi.com.py\/index.php\/wp-json\/wp\/v2\/comments?post=3382"}],"wp:attachment":[{"href":"https:\/\/rubi.com.py\/index.php\/wp-json\/wp\/v2\/media?parent=3382"}],"wp:term":[{"taxonomy":"product_brand","embeddable":true,"href":"https:\/\/rubi.com.py\/index.php\/wp-json\/wp\/v2\/product_brand?post=3382"},{"taxonomy":"product_cat","embeddable":true,"href":"https:\/\/rubi.com.py\/index.php\/wp-json\/wp\/v2\/product_cat?post=3382"},{"taxonomy":"product_tag","embeddable":true,"href":"https:\/\/rubi.com.py\/index.php\/wp-json\/wp\/v2\/product_tag?post=3382"}],"curies":[{"name":"wp","href":"https:\/\/api.w.org\/{rel}","templated":true}]}}