{"id":3394,"date":"2026-04-18T20:33:13","date_gmt":"2026-04-18T18:33:13","guid":{"rendered":"https:\/\/rubi.com.py\/index.php\/producto\/fumigador-de-mochila-de-alta-presion-16l-nappo-nhj-281\/"},"modified":"2026-04-18T20:33:13","modified_gmt":"2026-04-18T18:33:13","slug":"fumigador-de-mochila-de-alta-presion-16l-nappo-nhj-281","status":"publish","type":"product","link":"https:\/\/rubi.com.py\/index.php\/producto\/fumigador-de-mochila-de-alta-presion-16l-nappo-nhj-281\/","title":{"rendered":"FUMIGADOR DE MOCHILA DE ALTA PRESION 16L NAPPO NHJ-281"},"content":{"rendered":"<p>FUMIGADOR DE MOCHILA DE ALTA PRESION 16L NAPPO NHJ-281 Caracter\u00edsticas: Una forma eficiente de realizar trabajos de fumigaci\u00f3n o limpieza con alta presi\u00f3n. \u00b7 Rociador de varilla. \u00b7 Boquillas intercambiables para pulverizaci\u00f3n en forma de chorro o abanico. \u00b7 Correa de hombro c\u00f3moda. \u00b7 Presi\u00f3n de trabajo: 0.2 \u2013 0.3 MPa. \u00b7 Longitud de pulverizaci\u00f3n: 60 &#8211; 80 mm. \u00b7 Di\u00e1metro del \u00e9mbolo: 40 mm. \u00b7 Peso: 1.8 \u2013 2.15 kg. \u00b7 Capacidad: 16 L. \u00b7 Incluye: Manual de instrucciones y Kit de lavado.<\/p>\n","protected":false},"excerpt":{"rendered":"<p>FUMIGADOR DE MOCHILA DE ALTA PRESION 16L NAPPO NHJ-281<\/p>\n","protected":false},"featured_media":0,"comment_status":"open","ping_status":"closed","template":"","meta":{"_et_pb_use_builder":"","_et_pb_old_content":"","_et_gb_content_width":""},"product_brand":[],"product_cat":[36],"product_tag":[],"class_list":{"0":"post-3394","1":"product","2":"type-product","3":"status-publish","5":"product_cat-ferreteria","7":"first","8":"instock","9":"shipping-taxable","10":"purchasable","11":"product-type-simple"},"_links":{"self":[{"href":"https:\/\/rubi.com.py\/index.php\/wp-json\/wp\/v2\/product\/3394","targetHints":{"allow":["GET"]}}],"collection":[{"href":"https:\/\/rubi.com.py\/index.php\/wp-json\/wp\/v2\/product"}],"about":[{"href":"https:\/\/rubi.com.py\/index.php\/wp-json\/wp\/v2\/types\/product"}],"replies":[{"embeddable":true,"href":"https:\/\/rubi.com.py\/index.php\/wp-json\/wp\/v2\/comments?post=3394"}],"wp:attachment":[{"href":"https:\/\/rubi.com.py\/index.php\/wp-json\/wp\/v2\/media?parent=3394"}],"wp:term":[{"taxonomy":"product_brand","embeddable":true,"href":"https:\/\/rubi.com.py\/index.php\/wp-json\/wp\/v2\/product_brand?post=3394"},{"taxonomy":"product_cat","embeddable":true,"href":"https:\/\/rubi.com.py\/index.php\/wp-json\/wp\/v2\/product_cat?post=3394"},{"taxonomy":"product_tag","embeddable":true,"href":"https:\/\/rubi.com.py\/index.php\/wp-json\/wp\/v2\/product_tag?post=3394"}],"curies":[{"name":"wp","href":"https:\/\/api.w.org\/{rel}","templated":true}]}}