{"id":3398,"date":"2026-04-18T20:33:55","date_gmt":"2026-04-18T18:33:55","guid":{"rendered":"https:\/\/rubi.com.py\/index.php\/producto\/cafetera-espresso-barista-craft-9-en-1-nec-282\/"},"modified":"2026-04-18T20:34:05","modified_gmt":"2026-04-18T18:34:05","slug":"cafetera-espresso-barista-craft-9-en-1-nec-282","status":"publish","type":"product","link":"https:\/\/rubi.com.py\/index.php\/producto\/cafetera-espresso-barista-craft-9-en-1-nec-282\/","title":{"rendered":"CAFETERA ESPRESSO BARISTA CRAFT 9 EN 1 NEC-282"},"content":{"rendered":"<p>CAFETERA ESPRESSO BARISTA CRAFT 9 EN 1 NEC-282 Caracter\u00edsticas: -Multifunci\u00f3n 9 en 1: Caf\u00e9 molido, expresso, capuchino, americano, latte, expresso helado. -Selecci\u00f3n de la capacidad de expresso o americano: est\u00e1ndar \/ doble. -Permite la preparaci\u00f3n de dos tazas a la vez. -Funci\u00f3n de espumado de leche. -Funci\u00f3n de autolimpieza. -Bomba italiana de alta presi\u00f3n de 20 bares. -Potencia: 1350 W.<\/p>\n","protected":false},"excerpt":{"rendered":"<p>CAFETERA ESPRESSO BARISTA CRAFT 9 EN 1 NEC-282<\/p>\n","protected":false},"featured_media":3399,"comment_status":"open","ping_status":"closed","template":"","meta":{"_et_pb_use_builder":"","_et_pb_old_content":"","_et_gb_content_width":""},"product_brand":[],"product_cat":[33],"product_tag":[],"class_list":{"0":"post-3398","1":"product","2":"type-product","3":"status-publish","4":"has-post-thumbnail","6":"product_cat-cocina-y-comedor","8":"first","9":"instock","10":"shipping-taxable","11":"purchasable","12":"product-type-simple"},"_links":{"self":[{"href":"https:\/\/rubi.com.py\/index.php\/wp-json\/wp\/v2\/product\/3398","targetHints":{"allow":["GET"]}}],"collection":[{"href":"https:\/\/rubi.com.py\/index.php\/wp-json\/wp\/v2\/product"}],"about":[{"href":"https:\/\/rubi.com.py\/index.php\/wp-json\/wp\/v2\/types\/product"}],"replies":[{"embeddable":true,"href":"https:\/\/rubi.com.py\/index.php\/wp-json\/wp\/v2\/comments?post=3398"}],"wp:featuredmedia":[{"embeddable":true,"href":"https:\/\/rubi.com.py\/index.php\/wp-json\/wp\/v2\/media\/3399"}],"wp:attachment":[{"href":"https:\/\/rubi.com.py\/index.php\/wp-json\/wp\/v2\/media?parent=3398"}],"wp:term":[{"taxonomy":"product_brand","embeddable":true,"href":"https:\/\/rubi.com.py\/index.php\/wp-json\/wp\/v2\/product_brand?post=3398"},{"taxonomy":"product_cat","embeddable":true,"href":"https:\/\/rubi.com.py\/index.php\/wp-json\/wp\/v2\/product_cat?post=3398"},{"taxonomy":"product_tag","embeddable":true,"href":"https:\/\/rubi.com.py\/index.php\/wp-json\/wp\/v2\/product_tag?post=3398"}],"curies":[{"name":"wp","href":"https:\/\/api.w.org\/{rel}","templated":true}]}}