{"id":3412,"date":"2026-04-18T20:36:56","date_gmt":"2026-04-18T18:36:56","guid":{"rendered":"https:\/\/rubi.com.py\/index.php\/producto\/auricular-inalambrico-deportivo-kolke-tws-con-estuche-power-bank-y-display-kab-753\/"},"modified":"2026-04-18T20:36:56","modified_gmt":"2026-04-18T18:36:56","slug":"auricular-inalambrico-deportivo-kolke-tws-con-estuche-power-bank-y-display-kab-753","status":"publish","type":"product","link":"https:\/\/rubi.com.py\/index.php\/producto\/auricular-inalambrico-deportivo-kolke-tws-con-estuche-power-bank-y-display-kab-753\/","title":{"rendered":"AURICULAR INALAMBRICO DEPORTIVO KOLKE TWS CON ESTUCHE POWER BANK Y DISPLAY KAB-753"},"content":{"rendered":"<p>AURICULAR INALAMBRICO DEPORTIVO KOLKE TWS CON ESTUCHE POWER BANK Y DISPLAY KAB-753 Caracter\u00edsticas: -Auriculares deportivos TWS con Power Bank para carga. -Base de carga con pantalla LED: muestra la bater\u00eda de cada auricular y del estuche. -Control t\u00e1ctil en los auriculares. -Con micr\u00f3fono incorporado. -Bater\u00eda auriculares: 30 mAh. -Bater\u00eda estuche: 1200 mAh. -Autonom\u00eda: 4 hs (carga completa) \/ 100 d\u00edas en Standby. -Tiempo de carga: 1,5 hs. -Conexi\u00f3n inal\u00e1mbrica V5.3, AB5616E. -Alcance: hasta 10 m. -Incluye: Cable de carga.<\/p>\n","protected":false},"excerpt":{"rendered":"<p>AURICULAR INALAMBRICO DEPORTIVO KOLKE TWS CON ESTUCHE POWER BANK Y DISPLAY KAB-753<\/p>\n","protected":false},"featured_media":3411,"comment_status":"open","ping_status":"closed","template":"","meta":{"_et_pb_use_builder":"","_et_pb_old_content":"","_et_gb_content_width":""},"product_brand":[],"product_cat":[46],"product_tag":[],"class_list":{"0":"post-3412","1":"product","2":"type-product","3":"status-publish","4":"has-post-thumbnail","6":"product_cat-tecnologia","8":"first","9":"instock","10":"shipping-taxable","11":"purchasable","12":"product-type-simple"},"_links":{"self":[{"href":"https:\/\/rubi.com.py\/index.php\/wp-json\/wp\/v2\/product\/3412","targetHints":{"allow":["GET"]}}],"collection":[{"href":"https:\/\/rubi.com.py\/index.php\/wp-json\/wp\/v2\/product"}],"about":[{"href":"https:\/\/rubi.com.py\/index.php\/wp-json\/wp\/v2\/types\/product"}],"replies":[{"embeddable":true,"href":"https:\/\/rubi.com.py\/index.php\/wp-json\/wp\/v2\/comments?post=3412"}],"wp:featuredmedia":[{"embeddable":true,"href":"https:\/\/rubi.com.py\/index.php\/wp-json\/wp\/v2\/media\/3411"}],"wp:attachment":[{"href":"https:\/\/rubi.com.py\/index.php\/wp-json\/wp\/v2\/media?parent=3412"}],"wp:term":[{"taxonomy":"product_brand","embeddable":true,"href":"https:\/\/rubi.com.py\/index.php\/wp-json\/wp\/v2\/product_brand?post=3412"},{"taxonomy":"product_cat","embeddable":true,"href":"https:\/\/rubi.com.py\/index.php\/wp-json\/wp\/v2\/product_cat?post=3412"},{"taxonomy":"product_tag","embeddable":true,"href":"https:\/\/rubi.com.py\/index.php\/wp-json\/wp\/v2\/product_tag?post=3412"}],"curies":[{"name":"wp","href":"https:\/\/api.w.org\/{rel}","templated":true}]}}