{"id":3432,"date":"2026-04-18T20:42:22","date_gmt":"2026-04-18T18:42:22","guid":{"rendered":"https:\/\/rubi.com.py\/index.php\/producto\/smartwacth-kolke-kvr-732-plata\/"},"modified":"2026-04-18T20:42:22","modified_gmt":"2026-04-18T18:42:22","slug":"smartwacth-kolke-kvr-732-plata","status":"publish","type":"product","link":"https:\/\/rubi.com.py\/index.php\/producto\/smartwacth-kolke-kvr-732-plata\/","title":{"rendered":"SMARTWACTH KOLKE KVR-732 PLATA"},"content":{"rendered":"<p>SMARTWACTH KOLKE KVR-732 PLATA Caracter\u00edsticas: -Autonom\u00eda: 2-3 d\u00edas de uso \/ 10 d\u00edas en Stand by. -Conexi\u00f3n BT versi\u00f3n 5.3 de bajo consumo. -Permite realizar, responder y rechazar llamadas, ver registros de llamadas y agregar contactos. -Funciones de gesti\u00f3n de la salud, Registro de ejercicio y Otras funciones. -Mensaje push: notificaciones de aplicaciones. -Resistente al agua 1ATM. -Aplicaci\u00f3n Da Fit con soporte multiling\u00fce (compatible Android 5.1 o superior, iOS 8.0 o superior). -RAM: 640KB \/ ROM: 128MB.<\/p>\n","protected":false},"excerpt":{"rendered":"<p>SMARTWACTH KOLKE KVR-732 PLATA<\/p>\n","protected":false},"featured_media":3431,"comment_status":"open","ping_status":"closed","template":"","meta":{"_et_pb_use_builder":"","_et_pb_old_content":"","_et_gb_content_width":""},"product_brand":[],"product_cat":[46],"product_tag":[],"class_list":{"0":"post-3432","1":"product","2":"type-product","3":"status-publish","4":"has-post-thumbnail","6":"product_cat-tecnologia","8":"first","9":"instock","10":"shipping-taxable","11":"purchasable","12":"product-type-simple"},"_links":{"self":[{"href":"https:\/\/rubi.com.py\/index.php\/wp-json\/wp\/v2\/product\/3432","targetHints":{"allow":["GET"]}}],"collection":[{"href":"https:\/\/rubi.com.py\/index.php\/wp-json\/wp\/v2\/product"}],"about":[{"href":"https:\/\/rubi.com.py\/index.php\/wp-json\/wp\/v2\/types\/product"}],"replies":[{"embeddable":true,"href":"https:\/\/rubi.com.py\/index.php\/wp-json\/wp\/v2\/comments?post=3432"}],"wp:featuredmedia":[{"embeddable":true,"href":"https:\/\/rubi.com.py\/index.php\/wp-json\/wp\/v2\/media\/3431"}],"wp:attachment":[{"href":"https:\/\/rubi.com.py\/index.php\/wp-json\/wp\/v2\/media?parent=3432"}],"wp:term":[{"taxonomy":"product_brand","embeddable":true,"href":"https:\/\/rubi.com.py\/index.php\/wp-json\/wp\/v2\/product_brand?post=3432"},{"taxonomy":"product_cat","embeddable":true,"href":"https:\/\/rubi.com.py\/index.php\/wp-json\/wp\/v2\/product_cat?post=3432"},{"taxonomy":"product_tag","embeddable":true,"href":"https:\/\/rubi.com.py\/index.php\/wp-json\/wp\/v2\/product_tag?post=3432"}],"curies":[{"name":"wp","href":"https:\/\/api.w.org\/{rel}","templated":true}]}}