{"id":3448,"date":"2026-04-18T20:48:28","date_gmt":"2026-04-18T18:48:28","guid":{"rendered":"https:\/\/rubi.com.py\/index.php\/producto\/parlante-inalambrico-pro-xtreme-max-kpb-724-tripode\/"},"modified":"2026-04-18T20:48:28","modified_gmt":"2026-04-18T18:48:28","slug":"parlante-inalambrico-pro-xtreme-max-kpb-724-tripode","status":"publish","type":"product","link":"https:\/\/rubi.com.py\/index.php\/producto\/parlante-inalambrico-pro-xtreme-max-kpb-724-tripode\/","title":{"rendered":"PARLANTE INALAMBRICO PRO XTREME MAX KPB-724 + TRIPODE"},"content":{"rendered":"<p>PARLANTE INALAMBRICO PRO XTREME MAX KPB-724 + TRIPODE Caracter\u00edsticas: -Potencia: 300W \/ 8.000W PMPO. -Bater\u00eda recargable 12V \/ 7.000mAh. -Conexi\u00f3n inal\u00e1mbrica V5.0 + EDR. -Funci\u00f3n TWS. -Luces r\u00edtmicas. -Conexi\u00f3n: USB, Aux y Mic x2. -Funci\u00f3n Karaoke y Grabaci\u00f3n. -Portable: Ruedas y manijas. -Incluye: 2 micr\u00f3fonos inal\u00e1mbricos UHF, Tr\u00edpode y Control remoto.<\/p>\n","protected":false},"excerpt":{"rendered":"<p>PARLANTE INALAMBRICO PRO XTREME MAX KPB-724 + TRIPODE<\/p>\n","protected":false},"featured_media":3447,"comment_status":"open","ping_status":"closed","template":"","meta":{"_et_pb_use_builder":"","_et_pb_old_content":"","_et_gb_content_width":""},"product_brand":[],"product_cat":[46],"product_tag":[],"class_list":{"0":"post-3448","1":"product","2":"type-product","3":"status-publish","4":"has-post-thumbnail","6":"product_cat-tecnologia","8":"first","9":"instock","10":"shipping-taxable","11":"purchasable","12":"product-type-simple"},"_links":{"self":[{"href":"https:\/\/rubi.com.py\/index.php\/wp-json\/wp\/v2\/product\/3448","targetHints":{"allow":["GET"]}}],"collection":[{"href":"https:\/\/rubi.com.py\/index.php\/wp-json\/wp\/v2\/product"}],"about":[{"href":"https:\/\/rubi.com.py\/index.php\/wp-json\/wp\/v2\/types\/product"}],"replies":[{"embeddable":true,"href":"https:\/\/rubi.com.py\/index.php\/wp-json\/wp\/v2\/comments?post=3448"}],"wp:featuredmedia":[{"embeddable":true,"href":"https:\/\/rubi.com.py\/index.php\/wp-json\/wp\/v2\/media\/3447"}],"wp:attachment":[{"href":"https:\/\/rubi.com.py\/index.php\/wp-json\/wp\/v2\/media?parent=3448"}],"wp:term":[{"taxonomy":"product_brand","embeddable":true,"href":"https:\/\/rubi.com.py\/index.php\/wp-json\/wp\/v2\/product_brand?post=3448"},{"taxonomy":"product_cat","embeddable":true,"href":"https:\/\/rubi.com.py\/index.php\/wp-json\/wp\/v2\/product_cat?post=3448"},{"taxonomy":"product_tag","embeddable":true,"href":"https:\/\/rubi.com.py\/index.php\/wp-json\/wp\/v2\/product_tag?post=3448"}],"curies":[{"name":"wp","href":"https:\/\/api.w.org\/{rel}","templated":true}]}}