{"id":3486,"date":"2026-04-18T21:00:41","date_gmt":"2026-04-18T19:00:41","guid":{"rendered":"https:\/\/rubi.com.py\/index.php\/producto\/secador-de-pelo-proluxe-bldc-nappo-nps-274\/"},"modified":"2026-04-18T21:00:41","modified_gmt":"2026-04-18T19:00:41","slug":"secador-de-pelo-proluxe-bldc-nappo-nps-274","status":"publish","type":"product","link":"https:\/\/rubi.com.py\/index.php\/producto\/secador-de-pelo-proluxe-bldc-nappo-nps-274\/","title":{"rendered":"SECADOR DE PELO PROLUXE BLDC NAPPO  NPS-274"},"content":{"rendered":"<p>SECADOR DE PELO PROLUXE BLDC NAPPO NPS-274 Caracter\u00edsticas: -5 productos en 1. -Incluye: Boquilla preformada, Peine para dar volumen, Rizador de autoabsorci\u00f3n, Concentrador, y Difusor. -Potencia: 2200 W. -3 Velocidades. -3 Configuraciones de temperatura (calor). -Funci\u00f3n de aire fr\u00edo. -Velocidad: 110.000 RPM.<\/p>\n","protected":false},"excerpt":{"rendered":"<p>SECADOR DE PELO PROLUXE BLDC NAPPO NPS-274<\/p>\n","protected":false},"featured_media":3485,"comment_status":"open","ping_status":"closed","template":"","meta":{"_et_pb_use_builder":"","_et_pb_old_content":"","_et_gb_content_width":""},"product_brand":[],"product_cat":[45],"product_tag":[],"class_list":{"0":"post-3486","1":"product","2":"type-product","3":"status-publish","4":"has-post-thumbnail","6":"product_cat-salud-y-belleza","8":"first","9":"instock","10":"shipping-taxable","11":"purchasable","12":"product-type-simple"},"_links":{"self":[{"href":"https:\/\/rubi.com.py\/index.php\/wp-json\/wp\/v2\/product\/3486","targetHints":{"allow":["GET"]}}],"collection":[{"href":"https:\/\/rubi.com.py\/index.php\/wp-json\/wp\/v2\/product"}],"about":[{"href":"https:\/\/rubi.com.py\/index.php\/wp-json\/wp\/v2\/types\/product"}],"replies":[{"embeddable":true,"href":"https:\/\/rubi.com.py\/index.php\/wp-json\/wp\/v2\/comments?post=3486"}],"wp:featuredmedia":[{"embeddable":true,"href":"https:\/\/rubi.com.py\/index.php\/wp-json\/wp\/v2\/media\/3485"}],"wp:attachment":[{"href":"https:\/\/rubi.com.py\/index.php\/wp-json\/wp\/v2\/media?parent=3486"}],"wp:term":[{"taxonomy":"product_brand","embeddable":true,"href":"https:\/\/rubi.com.py\/index.php\/wp-json\/wp\/v2\/product_brand?post=3486"},{"taxonomy":"product_cat","embeddable":true,"href":"https:\/\/rubi.com.py\/index.php\/wp-json\/wp\/v2\/product_cat?post=3486"},{"taxonomy":"product_tag","embeddable":true,"href":"https:\/\/rubi.com.py\/index.php\/wp-json\/wp\/v2\/product_tag?post=3486"}],"curies":[{"name":"wp","href":"https:\/\/api.w.org\/{rel}","templated":true}]}}