{"id":3488,"date":"2026-04-18T21:01:05","date_gmt":"2026-04-18T19:01:05","guid":{"rendered":"https:\/\/rubi.com.py\/index.php\/producto\/placa-vitroceramica-infrarrojo-cuadruple-nappo-nee-254\/"},"modified":"2026-04-18T21:01:05","modified_gmt":"2026-04-18T19:01:05","slug":"placa-vitroceramica-infrarrojo-cuadruple-nappo-nee-254","status":"publish","type":"product","link":"https:\/\/rubi.com.py\/index.php\/producto\/placa-vitroceramica-infrarrojo-cuadruple-nappo-nee-254\/","title":{"rendered":"PLACA VITROCERAMICA INFRARROJO CUADRUPLE NAPPO NEE-254"},"content":{"rendered":"<p>PLACA VITROCERAMICA INFRARROJO CUADRUPLE NAPPO NEE-254 Caracter\u00edsticas: -Potencia: 7000W (m\u00e1x.). -Configuraci\u00f3n de potencia de 9 niveles. -Control t\u00e1ctil con sensor. -Temporizador de 99 minutos. -Funci\u00f3n de bloqueo para ni\u00f1os -Protecci\u00f3n de apagado autom\u00e1tico. -Panel Vitrocer\u00e1mico Infrarrojo de grado A.<\/p>\n","protected":false},"excerpt":{"rendered":"<p>PLACA VITROCERAMICA INFRARROJO CUADRUPLE NAPPO NEE-254<\/p>\n","protected":false},"featured_media":3487,"comment_status":"open","ping_status":"closed","template":"","meta":{"_et_pb_use_builder":"","_et_pb_old_content":"","_et_gb_content_width":""},"product_brand":[],"product_cat":[33],"product_tag":[],"class_list":{"0":"post-3488","1":"product","2":"type-product","3":"status-publish","4":"has-post-thumbnail","6":"product_cat-cocina-y-comedor","8":"first","9":"instock","10":"shipping-taxable","11":"purchasable","12":"product-type-simple"},"_links":{"self":[{"href":"https:\/\/rubi.com.py\/index.php\/wp-json\/wp\/v2\/product\/3488","targetHints":{"allow":["GET"]}}],"collection":[{"href":"https:\/\/rubi.com.py\/index.php\/wp-json\/wp\/v2\/product"}],"about":[{"href":"https:\/\/rubi.com.py\/index.php\/wp-json\/wp\/v2\/types\/product"}],"replies":[{"embeddable":true,"href":"https:\/\/rubi.com.py\/index.php\/wp-json\/wp\/v2\/comments?post=3488"}],"wp:featuredmedia":[{"embeddable":true,"href":"https:\/\/rubi.com.py\/index.php\/wp-json\/wp\/v2\/media\/3487"}],"wp:attachment":[{"href":"https:\/\/rubi.com.py\/index.php\/wp-json\/wp\/v2\/media?parent=3488"}],"wp:term":[{"taxonomy":"product_brand","embeddable":true,"href":"https:\/\/rubi.com.py\/index.php\/wp-json\/wp\/v2\/product_brand?post=3488"},{"taxonomy":"product_cat","embeddable":true,"href":"https:\/\/rubi.com.py\/index.php\/wp-json\/wp\/v2\/product_cat?post=3488"},{"taxonomy":"product_tag","embeddable":true,"href":"https:\/\/rubi.com.py\/index.php\/wp-json\/wp\/v2\/product_tag?post=3488"}],"curies":[{"name":"wp","href":"https:\/\/api.w.org\/{rel}","templated":true}]}}