{"id":3525,"date":"2026-04-18T21:18:02","date_gmt":"2026-04-18T19:18:02","guid":{"rendered":"https:\/\/rubi.com.py\/index.php\/producto\/set-recipientes-de-vidrio-croix-tapa-hermetica-y-valvula-crt-031\/"},"modified":"2026-04-18T21:18:02","modified_gmt":"2026-04-18T19:18:02","slug":"set-recipientes-de-vidrio-croix-tapa-hermetica-y-valvula-crt-031","status":"publish","type":"product","link":"https:\/\/rubi.com.py\/index.php\/producto\/set-recipientes-de-vidrio-croix-tapa-hermetica-y-valvula-crt-031\/","title":{"rendered":"SET RECIPIENTES DE VIDRIO CROIX, TAPA HERM\u00c9TICA Y V\u00c1LVULA CRT-031"},"content":{"rendered":"<p>SET RECIPIENTES DE VIDRIO CROIX, TAPA HERM\u00c9TICA Y V\u00c1LVULA CRT-031 Caracter\u00edsticas: Apilable 1 contenedor de 370 ml (14.5 x 10.4 x 4.7 cm), 1 contenedor de 640 ml (16.9 x 12.3 x 5.3 cm), 1 contenedor de 1040 ml (19.6 x 14.6 x 6.0 cm) 1 contenedor de 1520 ml (22.0 x 16.4 x 6.6 cm).<\/p>\n","protected":false},"excerpt":{"rendered":"<p>SET RECIPIENTES DE VIDRIO CROIX, TAPA HERM\u00c9TICA Y V\u00c1LVULA CRT-031<\/p>\n","protected":false},"featured_media":3524,"comment_status":"open","ping_status":"closed","template":"","meta":{"_et_pb_use_builder":"","_et_pb_old_content":"","_et_gb_content_width":""},"product_brand":[],"product_cat":[33],"product_tag":[],"class_list":{"0":"post-3525","1":"product","2":"type-product","3":"status-publish","4":"has-post-thumbnail","6":"product_cat-cocina-y-comedor","8":"first","9":"instock","10":"shipping-taxable","11":"purchasable","12":"product-type-simple"},"_links":{"self":[{"href":"https:\/\/rubi.com.py\/index.php\/wp-json\/wp\/v2\/product\/3525","targetHints":{"allow":["GET"]}}],"collection":[{"href":"https:\/\/rubi.com.py\/index.php\/wp-json\/wp\/v2\/product"}],"about":[{"href":"https:\/\/rubi.com.py\/index.php\/wp-json\/wp\/v2\/types\/product"}],"replies":[{"embeddable":true,"href":"https:\/\/rubi.com.py\/index.php\/wp-json\/wp\/v2\/comments?post=3525"}],"wp:featuredmedia":[{"embeddable":true,"href":"https:\/\/rubi.com.py\/index.php\/wp-json\/wp\/v2\/media\/3524"}],"wp:attachment":[{"href":"https:\/\/rubi.com.py\/index.php\/wp-json\/wp\/v2\/media?parent=3525"}],"wp:term":[{"taxonomy":"product_brand","embeddable":true,"href":"https:\/\/rubi.com.py\/index.php\/wp-json\/wp\/v2\/product_brand?post=3525"},{"taxonomy":"product_cat","embeddable":true,"href":"https:\/\/rubi.com.py\/index.php\/wp-json\/wp\/v2\/product_cat?post=3525"},{"taxonomy":"product_tag","embeddable":true,"href":"https:\/\/rubi.com.py\/index.php\/wp-json\/wp\/v2\/product_tag?post=3525"}],"curies":[{"name":"wp","href":"https:\/\/api.w.org\/{rel}","templated":true}]}}