{"id":3547,"date":"2026-04-18T21:22:15","date_gmt":"2026-04-18T19:22:15","guid":{"rendered":"https:\/\/rubi.com.py\/index.php\/producto\/microondas-nappo-28l-plateado-c-vidrio-reflector-60hz\/"},"modified":"2026-04-18T21:22:15","modified_gmt":"2026-04-18T19:22:15","slug":"microondas-nappo-28l-plateado-c-vidrio-reflector-60hz","status":"publish","type":"product","link":"https:\/\/rubi.com.py\/index.php\/producto\/microondas-nappo-28l-plateado-c-vidrio-reflector-60hz\/","title":{"rendered":"MICROONDAS NAPPO 28L PLATEADO C\/VIDRIO REFLECTOR 60HZ"},"content":{"rendered":"<p>MICROONDAS NAPPO 28L PLATEADO C\/VIDRIO REFLECTOR 60HZ Caracter\u00edsticas: -Potencia: 1400W. -Capacidad: 28 Litros. -Display Led. -Panel de control t\u00e1ctil. -6 funciones preestablecidas: pop, papas, vegetales congelados, bebidas, cena, pizza. -Funci\u00f3n de bloqueo para ni\u00f1os. -Funci\u00f3n descongelado por peso \/ por tiempo. -Funci\u00f3n memoria. -Cocci\u00f3n multi-etapa. -Alimentaci\u00f3n: 220V ~ 60Hz.<\/p>\n","protected":false},"excerpt":{"rendered":"<p>MICROONDAS NAPPO 28L PLATEADO C\/VIDRIO REFLECTOR 60HZ<\/p>\n","protected":false},"featured_media":3546,"comment_status":"open","ping_status":"closed","template":"","meta":{"_et_pb_use_builder":"","_et_pb_old_content":"","_et_gb_content_width":""},"product_brand":[],"product_cat":[33],"product_tag":[],"class_list":{"0":"post-3547","1":"product","2":"type-product","3":"status-publish","4":"has-post-thumbnail","6":"product_cat-cocina-y-comedor","8":"first","9":"instock","10":"shipping-taxable","11":"purchasable","12":"product-type-simple"},"_links":{"self":[{"href":"https:\/\/rubi.com.py\/index.php\/wp-json\/wp\/v2\/product\/3547","targetHints":{"allow":["GET"]}}],"collection":[{"href":"https:\/\/rubi.com.py\/index.php\/wp-json\/wp\/v2\/product"}],"about":[{"href":"https:\/\/rubi.com.py\/index.php\/wp-json\/wp\/v2\/types\/product"}],"replies":[{"embeddable":true,"href":"https:\/\/rubi.com.py\/index.php\/wp-json\/wp\/v2\/comments?post=3547"}],"wp:featuredmedia":[{"embeddable":true,"href":"https:\/\/rubi.com.py\/index.php\/wp-json\/wp\/v2\/media\/3546"}],"wp:attachment":[{"href":"https:\/\/rubi.com.py\/index.php\/wp-json\/wp\/v2\/media?parent=3547"}],"wp:term":[{"taxonomy":"product_brand","embeddable":true,"href":"https:\/\/rubi.com.py\/index.php\/wp-json\/wp\/v2\/product_brand?post=3547"},{"taxonomy":"product_cat","embeddable":true,"href":"https:\/\/rubi.com.py\/index.php\/wp-json\/wp\/v2\/product_cat?post=3547"},{"taxonomy":"product_tag","embeddable":true,"href":"https:\/\/rubi.com.py\/index.php\/wp-json\/wp\/v2\/product_tag?post=3547"}],"curies":[{"name":"wp","href":"https:\/\/api.w.org\/{rel}","templated":true}]}}