{"id":3568,"date":"2026-04-18T21:26:39","date_gmt":"2026-04-18T19:26:39","guid":{"rendered":"https:\/\/rubi.com.py\/index.php\/producto\/cafetera-espresso-con-bomba-nappo-nec-241-negra\/"},"modified":"2026-04-18T21:26:39","modified_gmt":"2026-04-18T19:26:39","slug":"cafetera-espresso-con-bomba-nappo-nec-241-negra","status":"publish","type":"product","link":"https:\/\/rubi.com.py\/index.php\/producto\/cafetera-espresso-con-bomba-nappo-nec-241-negra\/","title":{"rendered":"CAFETERA ESPRESSO CON BOMBA NAPPO NEC-241 NEGRA"},"content":{"rendered":"<p>CAFETERA ESPRESSO CON BOMBA NAPPO NEC-241 NEGRA Caracter\u00edsticas: -Bomba de alta presi\u00f3n de 20 bares. -Tres botones t\u00e1ctiles para seleccionar las diferentes funciones. -Varilla espumadora para leche (de vapor). -Compatible con c\u00e1psulas Dolce Gusto. -Potencia: 1400W. -Tanque de agua extra\u00edble de 1L.<\/p>\n","protected":false},"excerpt":{"rendered":"<p>CAFETERA ESPRESSO CON BOMBA NAPPO NEC-241 NEGRA<\/p>\n","protected":false},"featured_media":3567,"comment_status":"open","ping_status":"closed","template":"","meta":{"_et_pb_use_builder":"","_et_pb_old_content":"","_et_gb_content_width":""},"product_brand":[],"product_cat":[33],"product_tag":[],"class_list":{"0":"post-3568","1":"product","2":"type-product","3":"status-publish","4":"has-post-thumbnail","6":"product_cat-cocina-y-comedor","8":"first","9":"instock","10":"shipping-taxable","11":"purchasable","12":"product-type-simple"},"_links":{"self":[{"href":"https:\/\/rubi.com.py\/index.php\/wp-json\/wp\/v2\/product\/3568","targetHints":{"allow":["GET"]}}],"collection":[{"href":"https:\/\/rubi.com.py\/index.php\/wp-json\/wp\/v2\/product"}],"about":[{"href":"https:\/\/rubi.com.py\/index.php\/wp-json\/wp\/v2\/types\/product"}],"replies":[{"embeddable":true,"href":"https:\/\/rubi.com.py\/index.php\/wp-json\/wp\/v2\/comments?post=3568"}],"wp:featuredmedia":[{"embeddable":true,"href":"https:\/\/rubi.com.py\/index.php\/wp-json\/wp\/v2\/media\/3567"}],"wp:attachment":[{"href":"https:\/\/rubi.com.py\/index.php\/wp-json\/wp\/v2\/media?parent=3568"}],"wp:term":[{"taxonomy":"product_brand","embeddable":true,"href":"https:\/\/rubi.com.py\/index.php\/wp-json\/wp\/v2\/product_brand?post=3568"},{"taxonomy":"product_cat","embeddable":true,"href":"https:\/\/rubi.com.py\/index.php\/wp-json\/wp\/v2\/product_cat?post=3568"},{"taxonomy":"product_tag","embeddable":true,"href":"https:\/\/rubi.com.py\/index.php\/wp-json\/wp\/v2\/product_tag?post=3568"}],"curies":[{"name":"wp","href":"https:\/\/api.w.org\/{rel}","templated":true}]}}