{"id":3574,"date":"2026-04-18T21:27:48","date_gmt":"2026-04-18T19:27:48","guid":{"rendered":"https:\/\/rubi.com.py\/index.php\/producto\/llave-de-impacto-inalambrica-nappo-nhti-244\/"},"modified":"2026-04-18T21:28:07","modified_gmt":"2026-04-18T19:28:07","slug":"llave-de-impacto-inalambrica-nappo-nhti-244","status":"publish","type":"product","link":"https:\/\/rubi.com.py\/index.php\/producto\/llave-de-impacto-inalambrica-nappo-nhti-244\/","title":{"rendered":"LLAVE DE IMPACTO INALAMBRICA NAPPO NHTI-244"},"content":{"rendered":"<p>LLAVE DE IMPACTO INALAMBRICA NAPPO NHTI-244 Caracter\u00edsticas: -3 tipos de dados: 19mm \/ 21mm \/ 22mm. -Cargador y 2 bater\u00edas. -Incluye malet\u00edn pl\u00e1stico de transporte y guardado. -M\u00e1xima torsi\u00f3n: 300Nm. -Velocidad de rotaci\u00f3n: 0-1500 \/ 0-2000 \/ 0-2500 RPM. -Tipo de alimentaci\u00f3n: CC 21V.<\/p>\n","protected":false},"excerpt":{"rendered":"<p>LLAVE DE IMPACTO INALAMBRICA NAPPO NHTI-244<\/p>\n","protected":false},"featured_media":3575,"comment_status":"open","ping_status":"closed","template":"","meta":{"_et_pb_use_builder":"","_et_pb_old_content":"","_et_gb_content_width":""},"product_brand":[],"product_cat":[36],"product_tag":[],"class_list":{"0":"post-3574","1":"product","2":"type-product","3":"status-publish","4":"has-post-thumbnail","6":"product_cat-ferreteria","8":"first","9":"instock","10":"shipping-taxable","11":"purchasable","12":"product-type-simple"},"_links":{"self":[{"href":"https:\/\/rubi.com.py\/index.php\/wp-json\/wp\/v2\/product\/3574","targetHints":{"allow":["GET"]}}],"collection":[{"href":"https:\/\/rubi.com.py\/index.php\/wp-json\/wp\/v2\/product"}],"about":[{"href":"https:\/\/rubi.com.py\/index.php\/wp-json\/wp\/v2\/types\/product"}],"replies":[{"embeddable":true,"href":"https:\/\/rubi.com.py\/index.php\/wp-json\/wp\/v2\/comments?post=3574"}],"wp:featuredmedia":[{"embeddable":true,"href":"https:\/\/rubi.com.py\/index.php\/wp-json\/wp\/v2\/media\/3575"}],"wp:attachment":[{"href":"https:\/\/rubi.com.py\/index.php\/wp-json\/wp\/v2\/media?parent=3574"}],"wp:term":[{"taxonomy":"product_brand","embeddable":true,"href":"https:\/\/rubi.com.py\/index.php\/wp-json\/wp\/v2\/product_brand?post=3574"},{"taxonomy":"product_cat","embeddable":true,"href":"https:\/\/rubi.com.py\/index.php\/wp-json\/wp\/v2\/product_cat?post=3574"},{"taxonomy":"product_tag","embeddable":true,"href":"https:\/\/rubi.com.py\/index.php\/wp-json\/wp\/v2\/product_tag?post=3574"}],"curies":[{"name":"wp","href":"https:\/\/api.w.org\/{rel}","templated":true}]}}