{"id":3577,"date":"2026-04-18T21:28:27","date_gmt":"2026-04-18T19:28:27","guid":{"rendered":"https:\/\/rubi.com.py\/index.php\/producto\/cargador-rapido-de-pared-kolke-usb-pd-qc-3-0-blanco-kcr-2706\/"},"modified":"2026-04-18T21:28:27","modified_gmt":"2026-04-18T19:28:27","slug":"cargador-rapido-de-pared-kolke-usb-pd-qc-3-0-blanco-kcr-2706","status":"publish","type":"product","link":"https:\/\/rubi.com.py\/index.php\/producto\/cargador-rapido-de-pared-kolke-usb-pd-qc-3-0-blanco-kcr-2706\/","title":{"rendered":"CARGADOR RAPIDO DE PARED KOLKE USB PD + QC 3.0 BLANCO KCR-2706"},"content":{"rendered":"<p>CARGADOR RAPIDO DE PARED KOLKE USB PD + QC 3.0 BLANCO KCR-2706 Caracter\u00edsticas: -Cargador r\u00e1pido de pared USB-C PD + QC 3.0 -Potencia de carga: 20W. -Chip Qualcomm3. -Tecnolog\u00eda Qualcomm Quick Charge 3.0. -Puertos: Cargador de carga r\u00e1pida 3.0 y Tipo C. -Dise\u00f1o compacto. -Incluye: Cable Tipo C de 1m.<\/p>\n","protected":false},"excerpt":{"rendered":"<p>CARGADOR RAPIDO DE PARED KOLKE USB PD + QC 3.0 BLANCO KCR-2706<\/p>\n","protected":false},"featured_media":3576,"comment_status":"open","ping_status":"closed","template":"","meta":{"_et_pb_use_builder":"","_et_pb_old_content":"","_et_gb_content_width":""},"product_brand":[],"product_cat":[46],"product_tag":[],"class_list":{"0":"post-3577","1":"product","2":"type-product","3":"status-publish","4":"has-post-thumbnail","6":"product_cat-tecnologia","8":"first","9":"instock","10":"shipping-taxable","11":"purchasable","12":"product-type-simple"},"_links":{"self":[{"href":"https:\/\/rubi.com.py\/index.php\/wp-json\/wp\/v2\/product\/3577","targetHints":{"allow":["GET"]}}],"collection":[{"href":"https:\/\/rubi.com.py\/index.php\/wp-json\/wp\/v2\/product"}],"about":[{"href":"https:\/\/rubi.com.py\/index.php\/wp-json\/wp\/v2\/types\/product"}],"replies":[{"embeddable":true,"href":"https:\/\/rubi.com.py\/index.php\/wp-json\/wp\/v2\/comments?post=3577"}],"wp:featuredmedia":[{"embeddable":true,"href":"https:\/\/rubi.com.py\/index.php\/wp-json\/wp\/v2\/media\/3576"}],"wp:attachment":[{"href":"https:\/\/rubi.com.py\/index.php\/wp-json\/wp\/v2\/media?parent=3577"}],"wp:term":[{"taxonomy":"product_brand","embeddable":true,"href":"https:\/\/rubi.com.py\/index.php\/wp-json\/wp\/v2\/product_brand?post=3577"},{"taxonomy":"product_cat","embeddable":true,"href":"https:\/\/rubi.com.py\/index.php\/wp-json\/wp\/v2\/product_cat?post=3577"},{"taxonomy":"product_tag","embeddable":true,"href":"https:\/\/rubi.com.py\/index.php\/wp-json\/wp\/v2\/product_tag?post=3577"}],"curies":[{"name":"wp","href":"https:\/\/api.w.org\/{rel}","templated":true}]}}