{"id":365,"date":"2025-09-17T22:15:38","date_gmt":"2025-09-17T20:15:38","guid":{"rendered":"https:\/\/rubi.com.py\/index.php\/producto\/parlante-tokyo-party-8-luz-led-bluetooh-fm-usb-sd-mic-s-cable-c-control-carga-us\/"},"modified":"2026-04-20T21:55:20","modified_gmt":"2026-04-20T19:55:20","slug":"parlante-tokyo-party-8-luz-led-bluetooh-fm-usb-sd-mic-s-cable-c-control-carga-us","status":"publish","type":"product","link":"https:\/\/rubi.com.py\/index.php\/producto\/parlante-tokyo-party-8-luz-led-bluetooh-fm-usb-sd-mic-s-cable-c-control-carga-us\/","title":{"rendered":"PARLANTE TOKYO PARTY 8 LUZ LED BLUETOOH FM\/USB\/SD\/MIC.S\/CABLE C\/CONTROL CARGA US"},"content":{"rendered":"<p>* USB y TF, AUX, entrada de cable para guitarra, Luz LED. * Bluetooth, FM, conectorlector de tarjetas. * Alimentaci\u00f3n Cable de carga USB de 5 V. * Potencia 15W RMS &#8211; 150W PMPO * Funciones altavoz de 8 pulgadas. * Bater\u00eda de litio de 1800 mAh. * 1 micr\u00f3fono inal\u00e1mbrico. * Control remoto. MEDIDAS DEL PRODUCTO. * Alto39 cm. * Ancho 22 cm. * Largo 28,5 cm. Im\u00e1genes meramente ilustrativas. Im\u00e1genes e informaci\u00f3n sujetas a cambios sin previo aviso. Detalles t\u00e9cnicos: \u2022 POTENCIA: 150 Watts \u2022 ANCHO: 22 CM \u2022 ALTO: 39 CM \u2022 LARGO: 28,5 CM \u2022 PESO: 10000 GR<\/p>\n","protected":false},"excerpt":{"rendered":"<p>* USB y TF, AUX, entrada de cable para guitarra, Luz LED. * Bluetooth, FM, conectorlector de tarjetas. * Alimentaci\u00f3n Cable de carga USB de 5 V. * Potencia 15W RMS &#8211; 150W PMPO * Funciones altavoz de 8 pulgadas. * Bater\u00eda de litio de 1800 mAh. * 1 micr\u00f3fono inal\u00e1mbrico. * Control remoto. MEDIDAS DEL PRODUCTO. * Alto39 cm. * Ancho 22 cm. * Largo 28,5 cm. Im\u00e1genes meramente ilustrativas. Im\u00e1genes e informaci\u00f3n sujetas a cambios sin previo aviso.<\/p>\n","protected":false},"featured_media":4564,"comment_status":"open","ping_status":"closed","template":"","meta":{"_et_pb_use_builder":"","_et_pb_old_content":"","_et_gb_content_width":""},"product_brand":[],"product_cat":[46],"product_tag":[],"class_list":{"0":"post-365","1":"product","2":"type-product","3":"status-publish","4":"has-post-thumbnail","6":"product_cat-tecnologia","8":"first","9":"instock","10":"shipping-taxable","11":"purchasable","12":"product-type-simple"},"_links":{"self":[{"href":"https:\/\/rubi.com.py\/index.php\/wp-json\/wp\/v2\/product\/365","targetHints":{"allow":["GET"]}}],"collection":[{"href":"https:\/\/rubi.com.py\/index.php\/wp-json\/wp\/v2\/product"}],"about":[{"href":"https:\/\/rubi.com.py\/index.php\/wp-json\/wp\/v2\/types\/product"}],"replies":[{"embeddable":true,"href":"https:\/\/rubi.com.py\/index.php\/wp-json\/wp\/v2\/comments?post=365"}],"wp:featuredmedia":[{"embeddable":true,"href":"https:\/\/rubi.com.py\/index.php\/wp-json\/wp\/v2\/media\/4564"}],"wp:attachment":[{"href":"https:\/\/rubi.com.py\/index.php\/wp-json\/wp\/v2\/media?parent=365"}],"wp:term":[{"taxonomy":"product_brand","embeddable":true,"href":"https:\/\/rubi.com.py\/index.php\/wp-json\/wp\/v2\/product_brand?post=365"},{"taxonomy":"product_cat","embeddable":true,"href":"https:\/\/rubi.com.py\/index.php\/wp-json\/wp\/v2\/product_cat?post=365"},{"taxonomy":"product_tag","embeddable":true,"href":"https:\/\/rubi.com.py\/index.php\/wp-json\/wp\/v2\/product_tag?post=365"}],"curies":[{"name":"wp","href":"https:\/\/api.w.org\/{rel}","templated":true}]}}