{"id":3671,"date":"2026-04-18T21:52:08","date_gmt":"2026-04-18T19:52:08","guid":{"rendered":"https:\/\/rubi.com.py\/index.php\/producto\/bordeadora-electrica-nappo-nhj-224\/"},"modified":"2026-04-18T21:52:23","modified_gmt":"2026-04-18T19:52:23","slug":"bordeadora-electrica-nappo-nhj-224","status":"publish","type":"product","link":"https:\/\/rubi.com.py\/index.php\/producto\/bordeadora-electrica-nappo-nhj-224\/","title":{"rendered":"BORDEADORA ELECTRICA NAPPO NHJ-224"},"content":{"rendered":"<p>BORDEADORA ELECTRICA NAPPO NHJ-224 Caracter\u00edsticas: -Empu\u00f1adura ergon\u00f3mica. -Potencia: 450W. -Velocidad en vac\u00edo: 10.500 RPM. -Di\u00e1metro de corte: 280mm. -Di\u00e1metro de la l\u00ednea de corte: 1,4mm. -Ruido: 96dB. -Alimentaci\u00f3n: 230V ~ 50\/60Hz. -Tipo de alimentaci\u00f3n: corriente el\u00e9ctrica. -Longitud del cable: 35cm.<\/p>\n","protected":false},"excerpt":{"rendered":"<p>BORDEADORA ELECTRICA NAPPO NHJ-224<\/p>\n","protected":false},"featured_media":3672,"comment_status":"open","ping_status":"closed","template":"","meta":{"_et_pb_use_builder":"","_et_pb_old_content":"","_et_gb_content_width":""},"product_brand":[],"product_cat":[36,38],"product_tag":[],"class_list":{"0":"post-3671","1":"product","2":"type-product","3":"status-publish","4":"has-post-thumbnail","6":"product_cat-ferreteria","7":"product_cat-hogar-y-limpieza","9":"first","10":"instock","11":"shipping-taxable","12":"purchasable","13":"product-type-simple"},"_links":{"self":[{"href":"https:\/\/rubi.com.py\/index.php\/wp-json\/wp\/v2\/product\/3671","targetHints":{"allow":["GET"]}}],"collection":[{"href":"https:\/\/rubi.com.py\/index.php\/wp-json\/wp\/v2\/product"}],"about":[{"href":"https:\/\/rubi.com.py\/index.php\/wp-json\/wp\/v2\/types\/product"}],"replies":[{"embeddable":true,"href":"https:\/\/rubi.com.py\/index.php\/wp-json\/wp\/v2\/comments?post=3671"}],"wp:featuredmedia":[{"embeddable":true,"href":"https:\/\/rubi.com.py\/index.php\/wp-json\/wp\/v2\/media\/3672"}],"wp:attachment":[{"href":"https:\/\/rubi.com.py\/index.php\/wp-json\/wp\/v2\/media?parent=3671"}],"wp:term":[{"taxonomy":"product_brand","embeddable":true,"href":"https:\/\/rubi.com.py\/index.php\/wp-json\/wp\/v2\/product_brand?post=3671"},{"taxonomy":"product_cat","embeddable":true,"href":"https:\/\/rubi.com.py\/index.php\/wp-json\/wp\/v2\/product_cat?post=3671"},{"taxonomy":"product_tag","embeddable":true,"href":"https:\/\/rubi.com.py\/index.php\/wp-json\/wp\/v2\/product_tag?post=3671"}],"curies":[{"name":"wp","href":"https:\/\/api.w.org\/{rel}","templated":true}]}}