{"id":3718,"date":"2026-04-18T22:17:30","date_gmt":"2026-04-18T20:17:30","guid":{"rendered":"https:\/\/rubi.com.py\/index.php\/producto\/calculadora-multicolor\/"},"modified":"2026-04-18T22:17:30","modified_gmt":"2026-04-18T20:17:30","slug":"calculadora-multicolor","status":"publish","type":"product","link":"https:\/\/rubi.com.py\/index.php\/producto\/calculadora-multicolor\/","title":{"rendered":"CALCULADORA MULTICOLOR"},"content":{"rendered":"<p>CALCULADORA MULTICOLOR Caracter\u00edsticas: -A pila AAA -Material de pl\u00e1stico -Ligero -Port\u00e1til -F\u00e1cil de usar -Tama\u00f1o: 17.5 x 10 cm x 3 cm -No inlcuye pilas<\/p>\n","protected":false},"excerpt":{"rendered":"<p>CALCULADORA MULTICOLOR<\/p>\n","protected":false},"featured_media":0,"comment_status":"open","ping_status":"closed","template":"","meta":{"_et_pb_use_builder":"","_et_pb_old_content":"","_et_gb_content_width":""},"product_brand":[],"product_cat":[39,46],"product_tag":[],"class_list":{"0":"post-3718","1":"product","2":"type-product","3":"status-publish","5":"product_cat-industria-comercio-y-campo","6":"product_cat-tecnologia","8":"first","9":"instock","10":"shipping-taxable","11":"purchasable","12":"product-type-simple"},"_links":{"self":[{"href":"https:\/\/rubi.com.py\/index.php\/wp-json\/wp\/v2\/product\/3718","targetHints":{"allow":["GET"]}}],"collection":[{"href":"https:\/\/rubi.com.py\/index.php\/wp-json\/wp\/v2\/product"}],"about":[{"href":"https:\/\/rubi.com.py\/index.php\/wp-json\/wp\/v2\/types\/product"}],"replies":[{"embeddable":true,"href":"https:\/\/rubi.com.py\/index.php\/wp-json\/wp\/v2\/comments?post=3718"}],"wp:attachment":[{"href":"https:\/\/rubi.com.py\/index.php\/wp-json\/wp\/v2\/media?parent=3718"}],"wp:term":[{"taxonomy":"product_brand","embeddable":true,"href":"https:\/\/rubi.com.py\/index.php\/wp-json\/wp\/v2\/product_brand?post=3718"},{"taxonomy":"product_cat","embeddable":true,"href":"https:\/\/rubi.com.py\/index.php\/wp-json\/wp\/v2\/product_cat?post=3718"},{"taxonomy":"product_tag","embeddable":true,"href":"https:\/\/rubi.com.py\/index.php\/wp-json\/wp\/v2\/product_tag?post=3718"}],"curies":[{"name":"wp","href":"https:\/\/api.w.org\/{rel}","templated":true}]}}