{"id":3756,"date":"2026-04-18T22:25:28","date_gmt":"2026-04-18T20:25:28","guid":{"rendered":"https:\/\/rubi.com.py\/index.php\/producto\/caja-fuerte-pequena\/"},"modified":"2026-04-18T22:25:28","modified_gmt":"2026-04-18T20:25:28","slug":"caja-fuerte-pequena","status":"publish","type":"product","link":"https:\/\/rubi.com.py\/index.php\/producto\/caja-fuerte-pequena\/","title":{"rendered":"CAJA FUERTE PEQUE\u00d1A"},"content":{"rendered":"<p>CAJA FUERTE PEQUE\u00d1A Caracter\u00edsticas: -Construcci\u00f3n de acero al carbono de alta resistencia -M\u00e9todo de desbloqeo con contrase\u00f1a, llave de respaldo y huella dactilar -Dimensiones interiores: 25X35X25cm -Ideal para almacenar efectivo, joyas y documentos -Con display digital<\/p>\n","protected":false},"excerpt":{"rendered":"<p>CAJA FUERTE PEQUE\u00d1A<\/p>\n","protected":false},"featured_media":0,"comment_status":"open","ping_status":"closed","template":"","meta":{"_et_pb_use_builder":"","_et_pb_old_content":"","_et_gb_content_width":""},"product_brand":[],"product_cat":[39,46],"product_tag":[],"class_list":{"0":"post-3756","1":"product","2":"type-product","3":"status-publish","5":"product_cat-industria-comercio-y-campo","6":"product_cat-tecnologia","8":"first","9":"instock","10":"shipping-taxable","11":"purchasable","12":"product-type-simple"},"_links":{"self":[{"href":"https:\/\/rubi.com.py\/index.php\/wp-json\/wp\/v2\/product\/3756","targetHints":{"allow":["GET"]}}],"collection":[{"href":"https:\/\/rubi.com.py\/index.php\/wp-json\/wp\/v2\/product"}],"about":[{"href":"https:\/\/rubi.com.py\/index.php\/wp-json\/wp\/v2\/types\/product"}],"replies":[{"embeddable":true,"href":"https:\/\/rubi.com.py\/index.php\/wp-json\/wp\/v2\/comments?post=3756"}],"wp:attachment":[{"href":"https:\/\/rubi.com.py\/index.php\/wp-json\/wp\/v2\/media?parent=3756"}],"wp:term":[{"taxonomy":"product_brand","embeddable":true,"href":"https:\/\/rubi.com.py\/index.php\/wp-json\/wp\/v2\/product_brand?post=3756"},{"taxonomy":"product_cat","embeddable":true,"href":"https:\/\/rubi.com.py\/index.php\/wp-json\/wp\/v2\/product_cat?post=3756"},{"taxonomy":"product_tag","embeddable":true,"href":"https:\/\/rubi.com.py\/index.php\/wp-json\/wp\/v2\/product_tag?post=3756"}],"curies":[{"name":"wp","href":"https:\/\/api.w.org\/{rel}","templated":true}]}}