{"id":3777,"date":"2026-04-18T22:29:56","date_gmt":"2026-04-18T20:29:56","guid":{"rendered":"https:\/\/rubi.com.py\/index.php\/producto\/transportadora-de-mascotas-bl-ng\/"},"modified":"2026-04-18T22:29:56","modified_gmt":"2026-04-18T20:29:56","slug":"transportadora-de-mascotas-bl-ng","status":"publish","type":"product","link":"https:\/\/rubi.com.py\/index.php\/producto\/transportadora-de-mascotas-bl-ng\/","title":{"rendered":"TRANSPORTADORA DE MASCOTAS BL\/NG"},"content":{"rendered":"<p>TRANSPORTADORA DE MASCOTAS BL\/NG Caracter\u00edsticas: -Carcasas de pl\u00e1stico resistente -Port\u00e1til -Medidas: 48x32x30cm -Visibilidad y aire fresco<\/p>\n","protected":false},"excerpt":{"rendered":"<p>TRANSPORTADORA DE MASCOTAS BL\/NG<\/p>\n","protected":false},"featured_media":3776,"comment_status":"open","ping_status":"closed","template":"","meta":{"_et_pb_use_builder":"","_et_pb_old_content":"","_et_gb_content_width":""},"product_brand":[],"product_cat":[38],"product_tag":[],"class_list":{"0":"post-3777","1":"product","2":"type-product","3":"status-publish","4":"has-post-thumbnail","6":"product_cat-hogar-y-limpieza","8":"first","9":"instock","10":"shipping-taxable","11":"purchasable","12":"product-type-simple"},"_links":{"self":[{"href":"https:\/\/rubi.com.py\/index.php\/wp-json\/wp\/v2\/product\/3777","targetHints":{"allow":["GET"]}}],"collection":[{"href":"https:\/\/rubi.com.py\/index.php\/wp-json\/wp\/v2\/product"}],"about":[{"href":"https:\/\/rubi.com.py\/index.php\/wp-json\/wp\/v2\/types\/product"}],"replies":[{"embeddable":true,"href":"https:\/\/rubi.com.py\/index.php\/wp-json\/wp\/v2\/comments?post=3777"}],"wp:featuredmedia":[{"embeddable":true,"href":"https:\/\/rubi.com.py\/index.php\/wp-json\/wp\/v2\/media\/3776"}],"wp:attachment":[{"href":"https:\/\/rubi.com.py\/index.php\/wp-json\/wp\/v2\/media?parent=3777"}],"wp:term":[{"taxonomy":"product_brand","embeddable":true,"href":"https:\/\/rubi.com.py\/index.php\/wp-json\/wp\/v2\/product_brand?post=3777"},{"taxonomy":"product_cat","embeddable":true,"href":"https:\/\/rubi.com.py\/index.php\/wp-json\/wp\/v2\/product_cat?post=3777"},{"taxonomy":"product_tag","embeddable":true,"href":"https:\/\/rubi.com.py\/index.php\/wp-json\/wp\/v2\/product_tag?post=3777"}],"curies":[{"name":"wp","href":"https:\/\/api.w.org\/{rel}","templated":true}]}}