{"id":384,"date":"2025-09-17T22:17:06","date_gmt":"2025-09-17T20:17:06","guid":{"rendered":"https:\/\/rubi.com.py\/index.php\/producto\/parlante-inalambrico-sony-srs-xv900-usb-bl-woofer-1x32cm\/"},"modified":"2026-04-20T21:59:06","modified_gmt":"2026-04-20T19:59:06","slug":"parlante-inalambrico-sony-srs-xv900-usb-bl-woofer-1x32cm","status":"publish","type":"product","link":"https:\/\/rubi.com.py\/index.php\/producto\/parlante-inalambrico-sony-srs-xv900-usb-bl-woofer-1x32cm\/","title":{"rendered":"PARLANTE INALAMBRICO SONY SRS-XV900 USB BL WOOFER 1X32CM"},"content":{"rendered":"<p>* Reproducci\u00f3n hasta 25 h. * Carga r\u00e1pida de 10 minutos para 3 horasde reproducci\u00f3n. * 2 tweetersfrontales de 5 cm, 2 laterales de 2 cm y 2 superiores de 2 cm. * 2 medios de 12 cm. * 1wooferde 32cm con parlantes X-Balancedpara mayor presi\u00f3n ac\u00fastica y claridad. * Dise\u00f1o para uso horizontal y vertical. * Iluminaci\u00f3n ambiental. * Modos de sonido MEGA BASS, LIVE SOUND, Clear Audio+, DSEE, TV SoundBooster. * Asa de transporte y ruedas para portabilidad. * Bluetooth 5.2. * Conexi\u00f3n hasta 100 parlantes Party Connect. * Puerto USB-A para reproducir m\u00fasica y cargar bater\u00eda de tel\u00e9fonotableta. * Puerto AUDIO IN para conectar auricular. * 2 entradas para micr\u00f3fonos (1 para guitarra). * 1 entrada \u00f3ptica. * Modo fiestable para controlar con gestos la iluminaci\u00f3n. * Formato de audio AAC, SBC, LDAC. * Aplicaci\u00f3nMusicCenterFiestable. * Peso 27 kg. IMAGEN ILUSTRATIVA. Detalles t\u00e9cnicos: \u2022 ANCHO: 41 CM \u2022 ALTO: 88 CM \u2022 LARGO: 43,9 CM \u2022 PESO: 26600 GR<\/p>\n","protected":false},"excerpt":{"rendered":"<p>* Reproducci\u00f3n hasta 25 h. * Carga r\u00e1pida de 10 minutos para 3 horasde reproducci\u00f3n. * 2 tweetersfrontales de 5 cm, 2 laterales de 2 cm y 2 superiores de 2 cm. * 2 medios de 12 cm. * 1wooferde 32cm con parlantes X-Balancedpara mayor presi\u00f3n ac\u00fastica y claridad. * Dise\u00f1o para uso horizontal y vertical. * Iluminaci\u00f3n ambiental. * Modos de sonido MEGA BASS, LIVE SOUND, Clear Audio+, DSEE, TV SoundBooster. * Asa de transporte y ruedas para portabilidad. * Bluetooth 5.2. * Conexi\u00f3n hasta 100 parlantes Party Connect. * Puerto USB-A para reproducir m\u00fasica y cargar bater\u00eda de tel\u00e9fonotableta. * Puerto AUDIO IN para conectar auricular. * 2 entradas para micr\u00f3fonos (1 para guitarra). * 1 entrada \u00f3ptica. * Modo fiestable para controlar con gestos la iluminaci\u00f3n. * Formato de audio AAC, SBC, LDAC. * Aplicaci\u00f3nMusicCenterFiestable. * Peso 27 kg. IMAGEN ILUSTRATIVA.<\/p>\n","protected":false},"featured_media":4575,"comment_status":"open","ping_status":"closed","template":"","meta":{"_et_pb_use_builder":"","_et_pb_old_content":"","_et_gb_content_width":""},"product_brand":[],"product_cat":[46],"product_tag":[],"class_list":{"0":"post-384","1":"product","2":"type-product","3":"status-publish","4":"has-post-thumbnail","6":"product_cat-tecnologia","8":"first","9":"instock","10":"shipping-taxable","11":"purchasable","12":"product-type-simple"},"_links":{"self":[{"href":"https:\/\/rubi.com.py\/index.php\/wp-json\/wp\/v2\/product\/384","targetHints":{"allow":["GET"]}}],"collection":[{"href":"https:\/\/rubi.com.py\/index.php\/wp-json\/wp\/v2\/product"}],"about":[{"href":"https:\/\/rubi.com.py\/index.php\/wp-json\/wp\/v2\/types\/product"}],"replies":[{"embeddable":true,"href":"https:\/\/rubi.com.py\/index.php\/wp-json\/wp\/v2\/comments?post=384"}],"wp:featuredmedia":[{"embeddable":true,"href":"https:\/\/rubi.com.py\/index.php\/wp-json\/wp\/v2\/media\/4575"}],"wp:attachment":[{"href":"https:\/\/rubi.com.py\/index.php\/wp-json\/wp\/v2\/media?parent=384"}],"wp:term":[{"taxonomy":"product_brand","embeddable":true,"href":"https:\/\/rubi.com.py\/index.php\/wp-json\/wp\/v2\/product_brand?post=384"},{"taxonomy":"product_cat","embeddable":true,"href":"https:\/\/rubi.com.py\/index.php\/wp-json\/wp\/v2\/product_cat?post=384"},{"taxonomy":"product_tag","embeddable":true,"href":"https:\/\/rubi.com.py\/index.php\/wp-json\/wp\/v2\/product_tag?post=384"}],"curies":[{"name":"wp","href":"https:\/\/api.w.org\/{rel}","templated":true}]}}