{"id":3841,"date":"2026-04-19T20:08:58","date_gmt":"2026-04-19T18:08:58","guid":{"rendered":"https:\/\/rubi.com.py\/index.php\/producto\/destornillador-electrico-nappo\/"},"modified":"2026-04-19T20:25:56","modified_gmt":"2026-04-19T18:25:56","slug":"destornillador-electrico-nappo","status":"publish","type":"product","link":"https:\/\/rubi.com.py\/index.php\/producto\/destornillador-electrico-nappo\/","title":{"rendered":"DESTORNILLADOR ELECTRICO NAPPO"},"content":{"rendered":"<p>DESTORNILLADOR ELECTRICO NAPPO Caracter\u00edsticas: -Bater\u00eda recargable de 3 a 5 hs. -Duracion 30 min seg\u00fan uso. -Indicador led. -45 Accesorios<\/p>\n","protected":false},"excerpt":{"rendered":"<p>DESTORNILLADOR ELECTRICO NAPPO<\/p>\n","protected":false},"featured_media":3854,"comment_status":"open","ping_status":"closed","template":"","meta":{"_et_pb_use_builder":"","_et_pb_old_content":"","_et_gb_content_width":""},"product_brand":[],"product_cat":[36],"product_tag":[],"class_list":{"0":"post-3841","1":"product","2":"type-product","3":"status-publish","4":"has-post-thumbnail","6":"product_cat-ferreteria","8":"first","9":"instock","10":"shipping-taxable","11":"purchasable","12":"product-type-simple"},"_links":{"self":[{"href":"https:\/\/rubi.com.py\/index.php\/wp-json\/wp\/v2\/product\/3841","targetHints":{"allow":["GET"]}}],"collection":[{"href":"https:\/\/rubi.com.py\/index.php\/wp-json\/wp\/v2\/product"}],"about":[{"href":"https:\/\/rubi.com.py\/index.php\/wp-json\/wp\/v2\/types\/product"}],"replies":[{"embeddable":true,"href":"https:\/\/rubi.com.py\/index.php\/wp-json\/wp\/v2\/comments?post=3841"}],"wp:featuredmedia":[{"embeddable":true,"href":"https:\/\/rubi.com.py\/index.php\/wp-json\/wp\/v2\/media\/3854"}],"wp:attachment":[{"href":"https:\/\/rubi.com.py\/index.php\/wp-json\/wp\/v2\/media?parent=3841"}],"wp:term":[{"taxonomy":"product_brand","embeddable":true,"href":"https:\/\/rubi.com.py\/index.php\/wp-json\/wp\/v2\/product_brand?post=3841"},{"taxonomy":"product_cat","embeddable":true,"href":"https:\/\/rubi.com.py\/index.php\/wp-json\/wp\/v2\/product_cat?post=3841"},{"taxonomy":"product_tag","embeddable":true,"href":"https:\/\/rubi.com.py\/index.php\/wp-json\/wp\/v2\/product_tag?post=3841"}],"curies":[{"name":"wp","href":"https:\/\/api.w.org\/{rel}","templated":true}]}}