{"id":3859,"date":"2026-04-19T20:29:43","date_gmt":"2026-04-19T18:29:43","guid":{"rendered":"https:\/\/rubi.com.py\/index.php\/producto\/horno-pizzero-a-gas-metvisa-flgg70-720mm\/"},"modified":"2026-04-19T20:29:43","modified_gmt":"2026-04-19T18:29:43","slug":"horno-pizzero-a-gas-metvisa-flgg70-720mm","status":"publish","type":"product","link":"https:\/\/rubi.com.py\/index.php\/producto\/horno-pizzero-a-gas-metvisa-flgg70-720mm\/","title":{"rendered":"HORNO PIZZERO A GAS METVISA FLGG70 720MM"},"content":{"rendered":"<p>* Hornear panes, pizzas y masas en general. * Tiempo de calentamiento 20 min. * Temperatura m\u00e1xima 300\u00b0C. * Consumo de gas 0,8 kg-h. * Profundidad 600 mm. * Peso 60 Kg. MEDIDAS DEL PRODUCTO. * Altura 1545 mm. * Ancho 920 mm. * Profundidad 800 mm. DIMENSIONES \u00c1REA \u00daTIL. * Altura 260 mm. * Ancho 700 mm. Im\u00e1genes meramente ilustrativas. Im\u00e1genes e informaci\u00f3n sujetas a cambios sin previo aviso. Detalles t\u00e9cnicos: \u2022 ANCHO: 84 CM \u2022 ALTO: 67 CM \u2022 LARGO: 90 CM \u2022 PESO: 45000 GR<\/p>\n","protected":false},"excerpt":{"rendered":"<p>* Hornear panes, pizzas y masas en general. * Tiempo de calentamiento 20 min. * Temperatura m\u00e1xima 300\u00b0C. * Consumo de gas 0,8 kg-h. * Profundidad 600 mm. * Peso 60 Kg. MEDIDAS DEL PRODUCTO. * Altura 1545 mm. * Ancho 920 mm. * Profundidad 800 mm. DIMENSIONES \u00c1REA \u00daTIL. * Altura 260 mm. * Ancho 700 mm. Im\u00e1genes meramente ilustrativas. Im\u00e1genes e informaci\u00f3n sujetas a cambios sin previo aviso.<\/p>\n","protected":false},"featured_media":3858,"comment_status":"open","ping_status":"closed","template":"","meta":{"_et_pb_use_builder":"","_et_pb_old_content":"","_et_gb_content_width":""},"product_brand":[],"product_cat":[33],"product_tag":[],"class_list":{"0":"post-3859","1":"product","2":"type-product","3":"status-publish","4":"has-post-thumbnail","6":"product_cat-cocina-y-comedor","8":"first","9":"instock","10":"shipping-taxable","11":"purchasable","12":"product-type-simple"},"_links":{"self":[{"href":"https:\/\/rubi.com.py\/index.php\/wp-json\/wp\/v2\/product\/3859","targetHints":{"allow":["GET"]}}],"collection":[{"href":"https:\/\/rubi.com.py\/index.php\/wp-json\/wp\/v2\/product"}],"about":[{"href":"https:\/\/rubi.com.py\/index.php\/wp-json\/wp\/v2\/types\/product"}],"replies":[{"embeddable":true,"href":"https:\/\/rubi.com.py\/index.php\/wp-json\/wp\/v2\/comments?post=3859"}],"wp:featuredmedia":[{"embeddable":true,"href":"https:\/\/rubi.com.py\/index.php\/wp-json\/wp\/v2\/media\/3858"}],"wp:attachment":[{"href":"https:\/\/rubi.com.py\/index.php\/wp-json\/wp\/v2\/media?parent=3859"}],"wp:term":[{"taxonomy":"product_brand","embeddable":true,"href":"https:\/\/rubi.com.py\/index.php\/wp-json\/wp\/v2\/product_brand?post=3859"},{"taxonomy":"product_cat","embeddable":true,"href":"https:\/\/rubi.com.py\/index.php\/wp-json\/wp\/v2\/product_cat?post=3859"},{"taxonomy":"product_tag","embeddable":true,"href":"https:\/\/rubi.com.py\/index.php\/wp-json\/wp\/v2\/product_tag?post=3859"}],"curies":[{"name":"wp","href":"https:\/\/api.w.org\/{rel}","templated":true}]}}