{"id":3920,"date":"2026-04-19T20:47:45","date_gmt":"2026-04-19T18:47:45","guid":{"rendered":"https:\/\/rubi.com.py\/index.php\/producto\/rallador-metvisa-tipo-rda-220v-50hz-1-3cv\/"},"modified":"2026-04-19T20:47:45","modified_gmt":"2026-04-19T18:47:45","slug":"rallador-metvisa-tipo-rda-220v-50hz-1-3cv","status":"publish","type":"product","link":"https:\/\/rubi.com.py\/index.php\/producto\/rallador-metvisa-tipo-rda-220v-50hz-1-3cv\/","title":{"rendered":"RALLADOR METVISA TIPO RDA 220V-50HZ 1\/3CV"},"content":{"rendered":"<p>* Desmenuzar, rallar coco, queso y productos diversos. * Rotaci\u00f3n del disco 450 rpm. * Exterior en acero inoxidable. * Frecuencia 220 V &#8211; 50 Hz. * Di\u00e1metro disco 200 mm. * Capacidad 45 Kg-h. * Pies estabilizadores. * Discos 3 unidades. * Potencia 0,33 HP. * Peso 26,4 Kg. MEDIDAS DEL PRODUCTO. * Altura 440 mm. * Profundidad 570 mm. * Ancho 285 mm. Im\u00e1genes meramente ilustrativas. Im\u00e1genes e informaci\u00f3n sujetas a cambios sin previo aviso. Detalles t\u00e9cnicos: \u2022 ELECTRICO: 1 Watts \u2022 ANCHO: 36 CM \u2022 ALTO: 58 CM \u2022 LARGO: 58 CM \u2022 PESO: 23500 GR<\/p>\n","protected":false},"excerpt":{"rendered":"<p>* Desmenuzar, rallar coco, queso y productos diversos. * Rotaci\u00f3n del disco 450 rpm. * Exterior en acero inoxidable. * Frecuencia 220 V &#8211; 50 Hz. * Di\u00e1metro disco 200 mm. * Capacidad 45 Kg-h. * Pies estabilizadores. * Discos 3 unidades. * Potencia 0,33 HP. * Peso 26,4 Kg. MEDIDAS DEL PRODUCTO. * Altura 440 mm. * Profundidad 570 mm. * Ancho 285 mm. Im\u00e1genes meramente ilustrativas. Im\u00e1genes e informaci\u00f3n sujetas a cambios sin previo aviso.<\/p>\n","protected":false},"featured_media":3919,"comment_status":"open","ping_status":"closed","template":"","meta":{"_et_pb_use_builder":"","_et_pb_old_content":"","_et_gb_content_width":""},"product_brand":[],"product_cat":[33],"product_tag":[],"class_list":{"0":"post-3920","1":"product","2":"type-product","3":"status-publish","4":"has-post-thumbnail","6":"product_cat-cocina-y-comedor","8":"first","9":"instock","10":"shipping-taxable","11":"purchasable","12":"product-type-simple"},"_links":{"self":[{"href":"https:\/\/rubi.com.py\/index.php\/wp-json\/wp\/v2\/product\/3920","targetHints":{"allow":["GET"]}}],"collection":[{"href":"https:\/\/rubi.com.py\/index.php\/wp-json\/wp\/v2\/product"}],"about":[{"href":"https:\/\/rubi.com.py\/index.php\/wp-json\/wp\/v2\/types\/product"}],"replies":[{"embeddable":true,"href":"https:\/\/rubi.com.py\/index.php\/wp-json\/wp\/v2\/comments?post=3920"}],"wp:featuredmedia":[{"embeddable":true,"href":"https:\/\/rubi.com.py\/index.php\/wp-json\/wp\/v2\/media\/3919"}],"wp:attachment":[{"href":"https:\/\/rubi.com.py\/index.php\/wp-json\/wp\/v2\/media?parent=3920"}],"wp:term":[{"taxonomy":"product_brand","embeddable":true,"href":"https:\/\/rubi.com.py\/index.php\/wp-json\/wp\/v2\/product_brand?post=3920"},{"taxonomy":"product_cat","embeddable":true,"href":"https:\/\/rubi.com.py\/index.php\/wp-json\/wp\/v2\/product_cat?post=3920"},{"taxonomy":"product_tag","embeddable":true,"href":"https:\/\/rubi.com.py\/index.php\/wp-json\/wp\/v2\/product_tag?post=3920"}],"curies":[{"name":"wp","href":"https:\/\/api.w.org\/{rel}","templated":true}]}}