{"id":3924,"date":"2026-04-19T20:48:37","date_gmt":"2026-04-19T18:48:37","guid":{"rendered":"https:\/\/rubi.com.py\/index.php\/producto\/rellenadora-de-churros-metvisa-2l-aluminio\/"},"modified":"2026-04-19T20:48:37","modified_gmt":"2026-04-19T18:48:37","slug":"rellenadora-de-churros-metvisa-2l-aluminio","status":"publish","type":"product","link":"https:\/\/rubi.com.py\/index.php\/producto\/rellenadora-de-churros-metvisa-2l-aluminio\/","title":{"rendered":"RELLENADORA DE CHURROS METVISA 2L ALUMINIO"},"content":{"rendered":"<p>* Ideal para rellenar churros, cupcakes y otros panes. * Material del cuerpo Aluminio fundido y pulido. * Capacidad de la taza 2,0 litros. * Tubo de acero inoxidable 304. * Material de la taza Aluminio. * Vaso con ajuste de rosca. * Altura con tapa 43.0cm. * Altura sin tapa 40.0cm. Im\u00e1genes meramente ilustrativas. Im\u00e1genes e informaci\u00f3n sujetas a cambios sin previo aviso. Detalles t\u00e9cnicos: \u2022 ANCHO: 35 CM \u2022 ALTO: 90 CM \u2022 LARGO: 30 CM \u2022 PESO: 24000 GR<\/p>\n","protected":false},"excerpt":{"rendered":"<p>* Ideal para rellenar churros, cupcakes y otros panes. * Material del cuerpo Aluminio fundido y pulido. * Capacidad de la taza 2,0 litros. * Tubo de acero inoxidable 304. * Material de la taza Aluminio. * Vaso con ajuste de rosca. * Altura con tapa 43.0cm. * Altura sin tapa 40.0cm. Im\u00e1genes meramente ilustrativas. Im\u00e1genes e informaci\u00f3n sujetas a cambios sin previo aviso.<\/p>\n","protected":false},"featured_media":3923,"comment_status":"open","ping_status":"closed","template":"","meta":{"_et_pb_use_builder":"","_et_pb_old_content":"","_et_gb_content_width":""},"product_brand":[],"product_cat":[33],"product_tag":[],"class_list":{"0":"post-3924","1":"product","2":"type-product","3":"status-publish","4":"has-post-thumbnail","6":"product_cat-cocina-y-comedor","8":"first","9":"instock","10":"shipping-taxable","11":"purchasable","12":"product-type-simple"},"_links":{"self":[{"href":"https:\/\/rubi.com.py\/index.php\/wp-json\/wp\/v2\/product\/3924","targetHints":{"allow":["GET"]}}],"collection":[{"href":"https:\/\/rubi.com.py\/index.php\/wp-json\/wp\/v2\/product"}],"about":[{"href":"https:\/\/rubi.com.py\/index.php\/wp-json\/wp\/v2\/types\/product"}],"replies":[{"embeddable":true,"href":"https:\/\/rubi.com.py\/index.php\/wp-json\/wp\/v2\/comments?post=3924"}],"wp:featuredmedia":[{"embeddable":true,"href":"https:\/\/rubi.com.py\/index.php\/wp-json\/wp\/v2\/media\/3923"}],"wp:attachment":[{"href":"https:\/\/rubi.com.py\/index.php\/wp-json\/wp\/v2\/media?parent=3924"}],"wp:term":[{"taxonomy":"product_brand","embeddable":true,"href":"https:\/\/rubi.com.py\/index.php\/wp-json\/wp\/v2\/product_brand?post=3924"},{"taxonomy":"product_cat","embeddable":true,"href":"https:\/\/rubi.com.py\/index.php\/wp-json\/wp\/v2\/product_cat?post=3924"},{"taxonomy":"product_tag","embeddable":true,"href":"https:\/\/rubi.com.py\/index.php\/wp-json\/wp\/v2\/product_tag?post=3924"}],"curies":[{"name":"wp","href":"https:\/\/api.w.org\/{rel}","templated":true}]}}