{"id":3930,"date":"2026-04-19T20:49:36","date_gmt":"2026-04-19T18:49:36","guid":{"rendered":"https:\/\/rubi.com.py\/index.php\/producto\/salamandra-electrica-tokyo-industrial-mod-at-938-de-0-a-300-c\/"},"modified":"2026-04-19T20:49:36","modified_gmt":"2026-04-19T18:49:36","slug":"salamandra-electrica-tokyo-industrial-mod-at-938-de-0-a-300-c","status":"publish","type":"product","link":"https:\/\/rubi.com.py\/index.php\/producto\/salamandra-electrica-tokyo-industrial-mod-at-938-de-0-a-300-c\/","title":{"rendered":"SALAMANDRA ELECTRICA TOKYO INDUSTRIAL MOD AT-938 DE 0 A 300 C"},"content":{"rendered":"<p>* Estructura exterior e interior en acero inoxidable. * Rango de temperatura 50\u00b0 a 300\u00b0C. * Voltaje 220 V &#8211; 50 Hz. * Potencia 2,2 KW. * Peso 18 Kg. DIMENSIONES INTERNAS. * Ancho 426 mm. * Profundidad 347 mm. * Alto 290 mm. DIMENSIONES * Ancho 580 mm. * Profundidad 390 mm. * Alto 390 mm. Im\u00e1genes meramente ilustrativas. Im\u00e1genes e informaci\u00f3n sujetas a cambios sin previo aviso. Detalles t\u00e9cnicos: \u2022 ANCHO: 42 CM \u2022 ALTO: 40 CM \u2022 LARGO: 61,3 CM \u2022 PESO: 1 GR<\/p>\n","protected":false},"excerpt":{"rendered":"<p>* Estructura exterior e interior en acero inoxidable. * Rango de temperatura 50\u00b0 a 300\u00b0C. * Voltaje 220 V &#8211; 50 Hz. * Potencia 2,2 KW. * Peso 18 Kg. DIMENSIONES INTERNAS. * Ancho 426 mm. * Profundidad 347 mm. * Alto 290 mm. DIMENSIONES * Ancho 580 mm. * Profundidad 390 mm. * Alto 390 mm. Im\u00e1genes meramente ilustrativas. Im\u00e1genes e informaci\u00f3n sujetas a cambios sin previo aviso.<\/p>\n","protected":false},"featured_media":3929,"comment_status":"open","ping_status":"closed","template":"","meta":{"_et_pb_use_builder":"","_et_pb_old_content":"","_et_gb_content_width":""},"product_brand":[],"product_cat":[33],"product_tag":[],"class_list":{"0":"post-3930","1":"product","2":"type-product","3":"status-publish","4":"has-post-thumbnail","6":"product_cat-cocina-y-comedor","8":"first","9":"instock","10":"shipping-taxable","11":"purchasable","12":"product-type-simple"},"_links":{"self":[{"href":"https:\/\/rubi.com.py\/index.php\/wp-json\/wp\/v2\/product\/3930","targetHints":{"allow":["GET"]}}],"collection":[{"href":"https:\/\/rubi.com.py\/index.php\/wp-json\/wp\/v2\/product"}],"about":[{"href":"https:\/\/rubi.com.py\/index.php\/wp-json\/wp\/v2\/types\/product"}],"replies":[{"embeddable":true,"href":"https:\/\/rubi.com.py\/index.php\/wp-json\/wp\/v2\/comments?post=3930"}],"wp:featuredmedia":[{"embeddable":true,"href":"https:\/\/rubi.com.py\/index.php\/wp-json\/wp\/v2\/media\/3929"}],"wp:attachment":[{"href":"https:\/\/rubi.com.py\/index.php\/wp-json\/wp\/v2\/media?parent=3930"}],"wp:term":[{"taxonomy":"product_brand","embeddable":true,"href":"https:\/\/rubi.com.py\/index.php\/wp-json\/wp\/v2\/product_brand?post=3930"},{"taxonomy":"product_cat","embeddable":true,"href":"https:\/\/rubi.com.py\/index.php\/wp-json\/wp\/v2\/product_cat?post=3930"},{"taxonomy":"product_tag","embeddable":true,"href":"https:\/\/rubi.com.py\/index.php\/wp-json\/wp\/v2\/product_tag?post=3930"}],"curies":[{"name":"wp","href":"https:\/\/api.w.org\/{rel}","templated":true}]}}