{"id":3936,"date":"2026-04-19T20:52:47","date_gmt":"2026-04-19T18:52:47","guid":{"rendered":"https:\/\/rubi.com.py\/index.php\/producto\/molino-para-carne-metvisa-pcl-10-boca-10-3-4hp-220v\/"},"modified":"2026-04-19T20:52:47","modified_gmt":"2026-04-19T18:52:47","slug":"molino-para-carne-metvisa-pcl-10-boca-10-3-4hp-220v","status":"publish","type":"product","link":"https:\/\/rubi.com.py\/index.php\/producto\/molino-para-carne-metvisa-pcl-10-boca-10-3-4hp-220v\/","title":{"rendered":"MOLINO PARA CARNE METVISA PCL-10 BOCA 10 3\/4HP 220V"},"content":{"rendered":"<p>* Triturar, moler carnes y productos diversos. * Frecuencia 220 V &#8211; 50 Hz. * Capacidad 150 Kg-h. * Consumo 0,55 kW-h. * Discos 2 unidades. * Potencia 0,75 HP. * Peso 32 Kg. MEDIDAS DEL PRODUCTO. * Altura 340 mm. * Ancho 280 mm. * Profundidad 635 mm. Im\u00e1genes meramente ilustrativas. Im\u00e1genes e informaci\u00f3n sujetas a cambios sin previo aviso. Detalles t\u00e9cnicos: \u2022 ANCHO: 44,5 CM \u2022 ALTO: 38 CM \u2022 LARGO: 59 CM \u2022 PESO: 1876 GR<\/p>\n","protected":false},"excerpt":{"rendered":"<p>* Triturar, moler carnes y productos diversos. * Frecuencia 220 V &#8211; 50 Hz. * Capacidad 150 Kg-h. * Consumo 0,55 kW-h. * Discos 2 unidades. * Potencia 0,75 HP. * Peso 32 Kg. MEDIDAS DEL PRODUCTO. * Altura 340 mm. * Ancho 280 mm. * Profundidad 635 mm. Im\u00e1genes meramente ilustrativas. Im\u00e1genes e informaci\u00f3n sujetas a cambios sin previo aviso.<\/p>\n","protected":false},"featured_media":3935,"comment_status":"open","ping_status":"closed","template":"","meta":{"_et_pb_use_builder":"","_et_pb_old_content":"","_et_gb_content_width":""},"product_brand":[],"product_cat":[33],"product_tag":[],"class_list":{"0":"post-3936","1":"product","2":"type-product","3":"status-publish","4":"has-post-thumbnail","6":"product_cat-cocina-y-comedor","8":"first","9":"instock","10":"shipping-taxable","11":"purchasable","12":"product-type-simple"},"_links":{"self":[{"href":"https:\/\/rubi.com.py\/index.php\/wp-json\/wp\/v2\/product\/3936","targetHints":{"allow":["GET"]}}],"collection":[{"href":"https:\/\/rubi.com.py\/index.php\/wp-json\/wp\/v2\/product"}],"about":[{"href":"https:\/\/rubi.com.py\/index.php\/wp-json\/wp\/v2\/types\/product"}],"replies":[{"embeddable":true,"href":"https:\/\/rubi.com.py\/index.php\/wp-json\/wp\/v2\/comments?post=3936"}],"wp:featuredmedia":[{"embeddable":true,"href":"https:\/\/rubi.com.py\/index.php\/wp-json\/wp\/v2\/media\/3935"}],"wp:attachment":[{"href":"https:\/\/rubi.com.py\/index.php\/wp-json\/wp\/v2\/media?parent=3936"}],"wp:term":[{"taxonomy":"product_brand","embeddable":true,"href":"https:\/\/rubi.com.py\/index.php\/wp-json\/wp\/v2\/product_brand?post=3936"},{"taxonomy":"product_cat","embeddable":true,"href":"https:\/\/rubi.com.py\/index.php\/wp-json\/wp\/v2\/product_cat?post=3936"},{"taxonomy":"product_tag","embeddable":true,"href":"https:\/\/rubi.com.py\/index.php\/wp-json\/wp\/v2\/product_tag?post=3936"}],"curies":[{"name":"wp","href":"https:\/\/api.w.org\/{rel}","templated":true}]}}