{"id":3962,"date":"2026-04-19T23:19:55","date_gmt":"2026-04-19T21:19:55","guid":{"rendered":"https:\/\/rubi.com.py\/index.php\/producto\/horno-turbo-electrico-metvisa-fte-300-50hz-220v\/"},"modified":"2026-04-19T23:19:55","modified_gmt":"2026-04-19T21:19:55","slug":"horno-turbo-electrico-metvisa-fte-300-50hz-220v","status":"publish","type":"product","link":"https:\/\/rubi.com.py\/index.php\/producto\/horno-turbo-electrico-metvisa-fte-300-50hz-220v\/","title":{"rendered":"HORNO TURBO ELECTRICO METVISA FTE.300 50HZ-220V"},"content":{"rendered":"<p>* Incluye base para horno con ruedas para mejor movilidad del equipo. * Tiempo de calentamiento 15 minutos. * Estructura en acero inoxi. * Capacidad 300 panes. * 10 bandejas. DIMENSI\u00d3N BANDEJA. * 580X700 mm. Im\u00e1genes meramente ilustrativas. Im\u00e1genes e informaci\u00f3n sujetas a cambios sin previo aviso. Detalles t\u00e9cnicos: \u2022 ELECTRICO: 1 Watts \u2022 NIVELES: 10 Unidades \u2022 ANCHO: 131 CM \u2022 ALTO: 196 CM \u2022 LARGO: 117 CM \u2022 PESO: 265000 GR<\/p>\n","protected":false},"excerpt":{"rendered":"<p>* Incluye base para horno con ruedas para mejor movilidad del equipo. * Tiempo de calentamiento 15 minutos. * Estructura en acero inoxi. * Capacidad 300 panes. * 10 bandejas. DIMENSI\u00d3N BANDEJA. * 580X700 mm. Im\u00e1genes meramente ilustrativas. Im\u00e1genes e informaci\u00f3n sujetas a cambios sin previo aviso.<\/p>\n","protected":false},"featured_media":3961,"comment_status":"open","ping_status":"closed","template":"","meta":{"_et_pb_use_builder":"","_et_pb_old_content":"","_et_gb_content_width":""},"product_brand":[],"product_cat":[33,39],"product_tag":[],"class_list":{"0":"post-3962","1":"product","2":"type-product","3":"status-publish","4":"has-post-thumbnail","6":"product_cat-cocina-y-comedor","7":"product_cat-industria-comercio-y-campo","9":"first","10":"instock","11":"shipping-taxable","12":"purchasable","13":"product-type-simple"},"_links":{"self":[{"href":"https:\/\/rubi.com.py\/index.php\/wp-json\/wp\/v2\/product\/3962","targetHints":{"allow":["GET"]}}],"collection":[{"href":"https:\/\/rubi.com.py\/index.php\/wp-json\/wp\/v2\/product"}],"about":[{"href":"https:\/\/rubi.com.py\/index.php\/wp-json\/wp\/v2\/types\/product"}],"replies":[{"embeddable":true,"href":"https:\/\/rubi.com.py\/index.php\/wp-json\/wp\/v2\/comments?post=3962"}],"wp:featuredmedia":[{"embeddable":true,"href":"https:\/\/rubi.com.py\/index.php\/wp-json\/wp\/v2\/media\/3961"}],"wp:attachment":[{"href":"https:\/\/rubi.com.py\/index.php\/wp-json\/wp\/v2\/media?parent=3962"}],"wp:term":[{"taxonomy":"product_brand","embeddable":true,"href":"https:\/\/rubi.com.py\/index.php\/wp-json\/wp\/v2\/product_brand?post=3962"},{"taxonomy":"product_cat","embeddable":true,"href":"https:\/\/rubi.com.py\/index.php\/wp-json\/wp\/v2\/product_cat?post=3962"},{"taxonomy":"product_tag","embeddable":true,"href":"https:\/\/rubi.com.py\/index.php\/wp-json\/wp\/v2\/product_tag?post=3962"}],"curies":[{"name":"wp","href":"https:\/\/api.w.org\/{rel}","templated":true}]}}