{"id":4040,"date":"2026-04-20T00:02:59","date_gmt":"2026-04-19T22:02:59","guid":{"rendered":"https:\/\/rubi.com.py\/index.php\/producto\/set-de-contenedores-hermeticos-vidrio-370ml-4pcs-croix-crt-018\/"},"modified":"2026-04-20T00:02:59","modified_gmt":"2026-04-19T22:02:59","slug":"set-de-contenedores-hermeticos-vidrio-370ml-4pcs-croix-crt-018","status":"publish","type":"product","link":"https:\/\/rubi.com.py\/index.php\/producto\/set-de-contenedores-hermeticos-vidrio-370ml-4pcs-croix-crt-018\/","title":{"rendered":"SET DE CONTENEDORES HERMETICOS VIDRIO 370ML 4PCS CROIX CRT-018"},"content":{"rendered":"<p>SET DE CONTENEDORES HERMETICOS VIDRIO 370ML 4PCS CROIX CRT-018 Caracter\u00edsticas: 4 contenedores de vidrio. Volumen: 370ml . Tapa herm\u00e9tica de polipropileno con junta de silicona y con v\u00e1lvula de ventilaci\u00f3n. Antiderrames. Apto para lavavajillas y microondas.<\/p>\n","protected":false},"excerpt":{"rendered":"<p>SET DE CONTENEDORES HERMETICOS VIDRIO 370ML 4PCS CROIX CRT-018<\/p>\n","protected":false},"featured_media":4039,"comment_status":"open","ping_status":"closed","template":"","meta":{"_et_pb_use_builder":"","_et_pb_old_content":"","_et_gb_content_width":""},"product_brand":[],"product_cat":[33],"product_tag":[],"class_list":{"0":"post-4040","1":"product","2":"type-product","3":"status-publish","4":"has-post-thumbnail","6":"product_cat-cocina-y-comedor","8":"first","9":"instock","10":"shipping-taxable","11":"purchasable","12":"product-type-simple"},"_links":{"self":[{"href":"https:\/\/rubi.com.py\/index.php\/wp-json\/wp\/v2\/product\/4040","targetHints":{"allow":["GET"]}}],"collection":[{"href":"https:\/\/rubi.com.py\/index.php\/wp-json\/wp\/v2\/product"}],"about":[{"href":"https:\/\/rubi.com.py\/index.php\/wp-json\/wp\/v2\/types\/product"}],"replies":[{"embeddable":true,"href":"https:\/\/rubi.com.py\/index.php\/wp-json\/wp\/v2\/comments?post=4040"}],"wp:featuredmedia":[{"embeddable":true,"href":"https:\/\/rubi.com.py\/index.php\/wp-json\/wp\/v2\/media\/4039"}],"wp:attachment":[{"href":"https:\/\/rubi.com.py\/index.php\/wp-json\/wp\/v2\/media?parent=4040"}],"wp:term":[{"taxonomy":"product_brand","embeddable":true,"href":"https:\/\/rubi.com.py\/index.php\/wp-json\/wp\/v2\/product_brand?post=4040"},{"taxonomy":"product_cat","embeddable":true,"href":"https:\/\/rubi.com.py\/index.php\/wp-json\/wp\/v2\/product_cat?post=4040"},{"taxonomy":"product_tag","embeddable":true,"href":"https:\/\/rubi.com.py\/index.php\/wp-json\/wp\/v2\/product_tag?post=4040"}],"curies":[{"name":"wp","href":"https:\/\/api.w.org\/{rel}","templated":true}]}}