{"id":4042,"date":"2026-04-20T00:03:40","date_gmt":"2026-04-19T22:03:40","guid":{"rendered":"https:\/\/rubi.com.py\/index.php\/producto\/set-de-tarros-contenedores-24pcs-croix-crc-019\/"},"modified":"2026-04-20T00:03:40","modified_gmt":"2026-04-19T22:03:40","slug":"set-de-tarros-contenedores-24pcs-croix-crc-019","status":"publish","type":"product","link":"https:\/\/rubi.com.py\/index.php\/producto\/set-de-tarros-contenedores-24pcs-croix-crc-019\/","title":{"rendered":"SET DE TARROS CONTENEDORES 24PCS CROIX CRC-019"},"content":{"rendered":"<p>SET DE TARROS CONTENEDORES 24PCS CROIX CRC-019 Caracter\u00edsticas: \u2022 Juego de 24 recipientes con tapa. \u2022 Dise\u00f1o apilable: Permite ahorrar espacio y mejorar la organizaci\u00f3n de la cocina. \u2022 Dise\u00f1o transl\u00facido: Permite una f\u00e1cil identificaci\u00f3n de los contenidos. \u2022 Reutilizables. Resistentes a manchas y olores. \u2022 El set incluye: 8 recipientes rectangulares de 60ml, 4 recipientes rectangulares de 320ml, 3 recipientes rectangulares de 350ml, 2 recipientes rectangulares de 500ml, 2 recipientes redondos de 700ML, 3 recipientes rectangulares de 840ml, 2 recipientes rectangulares de 1000ml.<\/p>\n","protected":false},"excerpt":{"rendered":"<p>SET DE TARROS CONTENEDORES 24PCS CROIX CRC-019<\/p>\n","protected":false},"featured_media":4041,"comment_status":"open","ping_status":"closed","template":"","meta":{"_et_pb_use_builder":"","_et_pb_old_content":"","_et_gb_content_width":""},"product_brand":[],"product_cat":[33],"product_tag":[],"class_list":{"0":"post-4042","1":"product","2":"type-product","3":"status-publish","4":"has-post-thumbnail","6":"product_cat-cocina-y-comedor","8":"first","9":"instock","10":"shipping-taxable","11":"purchasable","12":"product-type-simple"},"_links":{"self":[{"href":"https:\/\/rubi.com.py\/index.php\/wp-json\/wp\/v2\/product\/4042","targetHints":{"allow":["GET"]}}],"collection":[{"href":"https:\/\/rubi.com.py\/index.php\/wp-json\/wp\/v2\/product"}],"about":[{"href":"https:\/\/rubi.com.py\/index.php\/wp-json\/wp\/v2\/types\/product"}],"replies":[{"embeddable":true,"href":"https:\/\/rubi.com.py\/index.php\/wp-json\/wp\/v2\/comments?post=4042"}],"wp:featuredmedia":[{"embeddable":true,"href":"https:\/\/rubi.com.py\/index.php\/wp-json\/wp\/v2\/media\/4041"}],"wp:attachment":[{"href":"https:\/\/rubi.com.py\/index.php\/wp-json\/wp\/v2\/media?parent=4042"}],"wp:term":[{"taxonomy":"product_brand","embeddable":true,"href":"https:\/\/rubi.com.py\/index.php\/wp-json\/wp\/v2\/product_brand?post=4042"},{"taxonomy":"product_cat","embeddable":true,"href":"https:\/\/rubi.com.py\/index.php\/wp-json\/wp\/v2\/product_cat?post=4042"},{"taxonomy":"product_tag","embeddable":true,"href":"https:\/\/rubi.com.py\/index.php\/wp-json\/wp\/v2\/product_tag?post=4042"}],"curies":[{"name":"wp","href":"https:\/\/api.w.org\/{rel}","templated":true}]}}