{"id":4054,"date":"2026-04-20T00:06:06","date_gmt":"2026-04-19T22:06:06","guid":{"rendered":"https:\/\/rubi.com.py\/index.php\/producto\/masajeador-de-cuello-espalda-y-hombros-nappo-npm-208-negro\/"},"modified":"2026-04-20T00:06:06","modified_gmt":"2026-04-19T22:06:06","slug":"masajeador-de-cuello-espalda-y-hombros-nappo-npm-208-negro","status":"publish","type":"product","link":"https:\/\/rubi.com.py\/index.php\/producto\/masajeador-de-cuello-espalda-y-hombros-nappo-npm-208-negro\/","title":{"rendered":"MASAJEADOR DE CUELLO, ESPALDA Y HOMBROS NAPPO NPM-208 NEGRO"},"content":{"rendered":"<p>MASAJEADOR DE CUELLO, ESPALDA Y HOMBROS NAPPO NPM-208 NEGRO Caracter\u00edsticas: -Usos: Cuello, Hombros, Espalda, Cintura, Piernas y Pies. -Inal\u00e1mbrico y recargable: Bater\u00eda: 1800mAh. -Funci\u00f3n masaje con calor. -2 modos de intensidad ajustables. -Direcci\u00f3n de masaje ajustable. -2 asas para controlar la presi\u00f3n e intensidad del masaje o uso mediante hebilla para un masaje manos libres.<\/p>\n","protected":false},"excerpt":{"rendered":"<p>MASAJEADOR DE CUELLO, ESPALDA Y HOMBROS NAPPO NPM-208 NEGRO<\/p>\n","protected":false},"featured_media":4053,"comment_status":"open","ping_status":"closed","template":"","meta":{"_et_pb_use_builder":"","_et_pb_old_content":"","_et_gb_content_width":""},"product_brand":[],"product_cat":[45],"product_tag":[],"class_list":{"0":"post-4054","1":"product","2":"type-product","3":"status-publish","4":"has-post-thumbnail","6":"product_cat-salud-y-belleza","8":"first","9":"instock","10":"shipping-taxable","11":"purchasable","12":"product-type-simple"},"_links":{"self":[{"href":"https:\/\/rubi.com.py\/index.php\/wp-json\/wp\/v2\/product\/4054","targetHints":{"allow":["GET"]}}],"collection":[{"href":"https:\/\/rubi.com.py\/index.php\/wp-json\/wp\/v2\/product"}],"about":[{"href":"https:\/\/rubi.com.py\/index.php\/wp-json\/wp\/v2\/types\/product"}],"replies":[{"embeddable":true,"href":"https:\/\/rubi.com.py\/index.php\/wp-json\/wp\/v2\/comments?post=4054"}],"wp:featuredmedia":[{"embeddable":true,"href":"https:\/\/rubi.com.py\/index.php\/wp-json\/wp\/v2\/media\/4053"}],"wp:attachment":[{"href":"https:\/\/rubi.com.py\/index.php\/wp-json\/wp\/v2\/media?parent=4054"}],"wp:term":[{"taxonomy":"product_brand","embeddable":true,"href":"https:\/\/rubi.com.py\/index.php\/wp-json\/wp\/v2\/product_brand?post=4054"},{"taxonomy":"product_cat","embeddable":true,"href":"https:\/\/rubi.com.py\/index.php\/wp-json\/wp\/v2\/product_cat?post=4054"},{"taxonomy":"product_tag","embeddable":true,"href":"https:\/\/rubi.com.py\/index.php\/wp-json\/wp\/v2\/product_tag?post=4054"}],"curies":[{"name":"wp","href":"https:\/\/api.w.org\/{rel}","templated":true}]}}