{"id":4088,"date":"2026-04-20T00:11:59","date_gmt":"2026-04-19T22:11:59","guid":{"rendered":"https:\/\/rubi.com.py\/index.php\/producto\/parlante-inalambrico-doble-4-glow-kpm-669\/"},"modified":"2026-04-20T00:11:59","modified_gmt":"2026-04-19T22:11:59","slug":"parlante-inalambrico-doble-4-glow-kpm-669","status":"publish","type":"product","link":"https:\/\/rubi.com.py\/index.php\/producto\/parlante-inalambrico-doble-4-glow-kpm-669\/","title":{"rendered":"PARLANTE INALAMBRICO DOBLE 4&#8243; GLOW KPM-669"},"content":{"rendered":"<p>PARLANTE INALAMBRICO DOBLE 4&#8243; GLOW KPM-669 Caracter\u00edsticas: -Parlante inal\u00e1mbrico. -Woofer doble 4\u201d (4\u201d x 2). -Potencia: 60W \/ 2.500W PMPO. -Conexi\u00f3n inal\u00e1mbrica. -Bater\u00eda recargable: 3000mAh, 3.7V. -Luces Led en el panel frontal con 6 modos de iluminaci\u00f3n RGB. -Funci\u00f3n TWS (True Wireless Stereo). -Conexi\u00f3n: USB, SD, Aux 3.5mm, Mic 6.35mm. -Radio FM -Incluye: Micr\u00f3fono con cable, Cable de carga y Cable auxiliar.<\/p>\n","protected":false},"excerpt":{"rendered":"<p>PARLANTE INALAMBRICO DOBLE 4&#8243; GLOW KPM-669<\/p>\n","protected":false},"featured_media":4087,"comment_status":"open","ping_status":"closed","template":"","meta":{"_et_pb_use_builder":"","_et_pb_old_content":"","_et_gb_content_width":""},"product_brand":[],"product_cat":[46],"product_tag":[],"class_list":{"0":"post-4088","1":"product","2":"type-product","3":"status-publish","4":"has-post-thumbnail","6":"product_cat-tecnologia","8":"first","9":"instock","10":"shipping-taxable","11":"purchasable","12":"product-type-simple"},"_links":{"self":[{"href":"https:\/\/rubi.com.py\/index.php\/wp-json\/wp\/v2\/product\/4088","targetHints":{"allow":["GET"]}}],"collection":[{"href":"https:\/\/rubi.com.py\/index.php\/wp-json\/wp\/v2\/product"}],"about":[{"href":"https:\/\/rubi.com.py\/index.php\/wp-json\/wp\/v2\/types\/product"}],"replies":[{"embeddable":true,"href":"https:\/\/rubi.com.py\/index.php\/wp-json\/wp\/v2\/comments?post=4088"}],"wp:featuredmedia":[{"embeddable":true,"href":"https:\/\/rubi.com.py\/index.php\/wp-json\/wp\/v2\/media\/4087"}],"wp:attachment":[{"href":"https:\/\/rubi.com.py\/index.php\/wp-json\/wp\/v2\/media?parent=4088"}],"wp:term":[{"taxonomy":"product_brand","embeddable":true,"href":"https:\/\/rubi.com.py\/index.php\/wp-json\/wp\/v2\/product_brand?post=4088"},{"taxonomy":"product_cat","embeddable":true,"href":"https:\/\/rubi.com.py\/index.php\/wp-json\/wp\/v2\/product_cat?post=4088"},{"taxonomy":"product_tag","embeddable":true,"href":"https:\/\/rubi.com.py\/index.php\/wp-json\/wp\/v2\/product_tag?post=4088"}],"curies":[{"name":"wp","href":"https:\/\/api.w.org\/{rel}","templated":true}]}}