{"id":4121,"date":"2026-04-20T00:18:59","date_gmt":"2026-04-19T22:18:59","guid":{"rendered":"https:\/\/rubi.com.py\/index.php\/producto\/freidora-sin-aceite-digital-power-pro-9l-nef-193\/"},"modified":"2026-04-20T00:18:59","modified_gmt":"2026-04-19T22:18:59","slug":"freidora-sin-aceite-digital-power-pro-9l-nef-193","status":"publish","type":"product","link":"https:\/\/rubi.com.py\/index.php\/producto\/freidora-sin-aceite-digital-power-pro-9l-nef-193\/","title":{"rendered":"FREIDORA SIN ACEITE DIGITAL POWER PRO 9L NEF-193"},"content":{"rendered":"<p>FREIDORA SIN ACEITE DIGITAL POWER PRO 9L NEF-193 Caracter\u00edsticas: -Freidora sin aceite (de aire) Digital. -Capacidad: 9L. -Potencia: 1800W. -10 programas preestablecidos. -Funci\u00f3n descongelar. -Funci\u00f3n DIY (ajustar manualmente tiempo y temperatura) -Ventana de visualizaci\u00f3n transparente. -Tecnolog\u00eda Fry Force 360\u00ba. -Temperatura ajustable: 80\u00baC a 200\u00baC. -Temporizador ajustable hasta 60 min. -Incluye pinza met\u00e1lica.<\/p>\n","protected":false},"excerpt":{"rendered":"<p>FREIDORA SIN ACEITE DIGITAL POWER PRO 9L NEF-193<\/p>\n","protected":false},"featured_media":4120,"comment_status":"open","ping_status":"closed","template":"","meta":{"_et_pb_use_builder":"","_et_pb_old_content":"","_et_gb_content_width":""},"product_brand":[],"product_cat":[33],"product_tag":[],"class_list":{"0":"post-4121","1":"product","2":"type-product","3":"status-publish","4":"has-post-thumbnail","6":"product_cat-cocina-y-comedor","8":"first","9":"instock","10":"shipping-taxable","11":"purchasable","12":"product-type-simple"},"_links":{"self":[{"href":"https:\/\/rubi.com.py\/index.php\/wp-json\/wp\/v2\/product\/4121","targetHints":{"allow":["GET"]}}],"collection":[{"href":"https:\/\/rubi.com.py\/index.php\/wp-json\/wp\/v2\/product"}],"about":[{"href":"https:\/\/rubi.com.py\/index.php\/wp-json\/wp\/v2\/types\/product"}],"replies":[{"embeddable":true,"href":"https:\/\/rubi.com.py\/index.php\/wp-json\/wp\/v2\/comments?post=4121"}],"wp:featuredmedia":[{"embeddable":true,"href":"https:\/\/rubi.com.py\/index.php\/wp-json\/wp\/v2\/media\/4120"}],"wp:attachment":[{"href":"https:\/\/rubi.com.py\/index.php\/wp-json\/wp\/v2\/media?parent=4121"}],"wp:term":[{"taxonomy":"product_brand","embeddable":true,"href":"https:\/\/rubi.com.py\/index.php\/wp-json\/wp\/v2\/product_brand?post=4121"},{"taxonomy":"product_cat","embeddable":true,"href":"https:\/\/rubi.com.py\/index.php\/wp-json\/wp\/v2\/product_cat?post=4121"},{"taxonomy":"product_tag","embeddable":true,"href":"https:\/\/rubi.com.py\/index.php\/wp-json\/wp\/v2\/product_tag?post=4121"}],"curies":[{"name":"wp","href":"https:\/\/api.w.org\/{rel}","templated":true}]}}