{"id":4125,"date":"2026-04-20T00:19:41","date_gmt":"2026-04-19T22:19:41","guid":{"rendered":"https:\/\/rubi.com.py\/index.php\/producto\/kit-afeitadora-electrica-18-en-1-npa-178\/"},"modified":"2026-04-20T00:19:41","modified_gmt":"2026-04-19T22:19:41","slug":"kit-afeitadora-electrica-18-en-1-npa-178","status":"publish","type":"product","link":"https:\/\/rubi.com.py\/index.php\/producto\/kit-afeitadora-electrica-18-en-1-npa-178\/","title":{"rendered":"KIT AFEITADORA EL\u00c9CTRICA 18 EN 1 NPA-178"},"content":{"rendered":"<p>KIT AFEITADORA EL\u00c9CTRICA 18 EN 1 NPA-178 Caracter\u00edsticas: \u00b7 Afeitadora, Corta pelo, Corta barba, Recortadora de nariz\/orejas. \u00b7 Cabezal intercambiable. \u00b7 Funcionamiento con cable o inal\u00e1mbrico. \u00b7 Bater\u00eda recargable de 600mAh. \u00b7 Tiempo de operaci\u00f3n: 90 minutos. \u00b7 Incluye 18 accesorios: 3 cuchillas, 2 recortadoras, 8 gu\u00edas de distintos niveles, Peine, Aceite, Cepillo de limpieza, Cable USB y Soporte.<\/p>\n","protected":false},"excerpt":{"rendered":"<p>KIT AFEITADORA EL\u00c9CTRICA 18 EN 1 NPA-178<\/p>\n","protected":false},"featured_media":4124,"comment_status":"open","ping_status":"closed","template":"","meta":{"_et_pb_use_builder":"","_et_pb_old_content":"","_et_gb_content_width":""},"product_brand":[],"product_cat":[45],"product_tag":[],"class_list":{"0":"post-4125","1":"product","2":"type-product","3":"status-publish","4":"has-post-thumbnail","6":"product_cat-salud-y-belleza","8":"first","9":"instock","10":"shipping-taxable","11":"purchasable","12":"product-type-simple"},"_links":{"self":[{"href":"https:\/\/rubi.com.py\/index.php\/wp-json\/wp\/v2\/product\/4125","targetHints":{"allow":["GET"]}}],"collection":[{"href":"https:\/\/rubi.com.py\/index.php\/wp-json\/wp\/v2\/product"}],"about":[{"href":"https:\/\/rubi.com.py\/index.php\/wp-json\/wp\/v2\/types\/product"}],"replies":[{"embeddable":true,"href":"https:\/\/rubi.com.py\/index.php\/wp-json\/wp\/v2\/comments?post=4125"}],"wp:featuredmedia":[{"embeddable":true,"href":"https:\/\/rubi.com.py\/index.php\/wp-json\/wp\/v2\/media\/4124"}],"wp:attachment":[{"href":"https:\/\/rubi.com.py\/index.php\/wp-json\/wp\/v2\/media?parent=4125"}],"wp:term":[{"taxonomy":"product_brand","embeddable":true,"href":"https:\/\/rubi.com.py\/index.php\/wp-json\/wp\/v2\/product_brand?post=4125"},{"taxonomy":"product_cat","embeddable":true,"href":"https:\/\/rubi.com.py\/index.php\/wp-json\/wp\/v2\/product_cat?post=4125"},{"taxonomy":"product_tag","embeddable":true,"href":"https:\/\/rubi.com.py\/index.php\/wp-json\/wp\/v2\/product_tag?post=4125"}],"curies":[{"name":"wp","href":"https:\/\/api.w.org\/{rel}","templated":true}]}}