{"id":4142,"date":"2026-04-20T00:22:28","date_gmt":"2026-04-19T22:22:28","guid":{"rendered":"https:\/\/rubi.com.py\/index.php\/producto\/horno-electrico-y-freidora-sin-aceite-25l-nappo-neh-186\/"},"modified":"2026-04-20T00:22:28","modified_gmt":"2026-04-19T22:22:28","slug":"horno-electrico-y-freidora-sin-aceite-25l-nappo-neh-186","status":"publish","type":"product","link":"https:\/\/rubi.com.py\/index.php\/producto\/horno-electrico-y-freidora-sin-aceite-25l-nappo-neh-186\/","title":{"rendered":"HORNO ELECTRICO Y FREIDORA SIN ACEITE 25L NAPPO NEH-186"},"content":{"rendered":"<p>HORNO ELECTRICO Y FREIDORA SIN ACEITE 25L NAPPO NEH-186 Caracter\u00edsticas: -7 Funciones en 1: Freidora sin Aceite, Horno El\u00e9ctrico (Hornea, Asa, -Hornea por convecci\u00f3n y Asa por convecci\u00f3n), Grill (Tostar), Calentar. -Potencia: 1700W. -Capacidad: 25L. -Control de temperatura hasta 230\u00b0C. -Temporizadores de 60 minutos con timbre. -Luz indicadora de encendido y l\u00e1mpara interior. -Accesorios incluidos: Rejilla Airfryer, Bandeja para hornear, Rejilla para hornear, Asa para accesorios, -Bandeja para migas y pinza met\u00e1lica con tranca. -Alimentaci\u00f3n: 220-240V ~ 50\/60Hz.<\/p>\n","protected":false},"excerpt":{"rendered":"<p>HORNO ELECTRICO Y FREIDORA SIN ACEITE 25L NAPPO NEH-186<\/p>\n","protected":false},"featured_media":4141,"comment_status":"open","ping_status":"closed","template":"","meta":{"_et_pb_use_builder":"","_et_pb_old_content":"","_et_gb_content_width":""},"product_brand":[],"product_cat":[33],"product_tag":[],"class_list":{"0":"post-4142","1":"product","2":"type-product","3":"status-publish","4":"has-post-thumbnail","6":"product_cat-cocina-y-comedor","8":"first","9":"instock","10":"shipping-taxable","11":"purchasable","12":"product-type-simple"},"_links":{"self":[{"href":"https:\/\/rubi.com.py\/index.php\/wp-json\/wp\/v2\/product\/4142","targetHints":{"allow":["GET"]}}],"collection":[{"href":"https:\/\/rubi.com.py\/index.php\/wp-json\/wp\/v2\/product"}],"about":[{"href":"https:\/\/rubi.com.py\/index.php\/wp-json\/wp\/v2\/types\/product"}],"replies":[{"embeddable":true,"href":"https:\/\/rubi.com.py\/index.php\/wp-json\/wp\/v2\/comments?post=4142"}],"wp:featuredmedia":[{"embeddable":true,"href":"https:\/\/rubi.com.py\/index.php\/wp-json\/wp\/v2\/media\/4141"}],"wp:attachment":[{"href":"https:\/\/rubi.com.py\/index.php\/wp-json\/wp\/v2\/media?parent=4142"}],"wp:term":[{"taxonomy":"product_brand","embeddable":true,"href":"https:\/\/rubi.com.py\/index.php\/wp-json\/wp\/v2\/product_brand?post=4142"},{"taxonomy":"product_cat","embeddable":true,"href":"https:\/\/rubi.com.py\/index.php\/wp-json\/wp\/v2\/product_cat?post=4142"},{"taxonomy":"product_tag","embeddable":true,"href":"https:\/\/rubi.com.py\/index.php\/wp-json\/wp\/v2\/product_tag?post=4142"}],"curies":[{"name":"wp","href":"https:\/\/api.w.org\/{rel}","templated":true}]}}