{"id":415,"date":"2025-09-17T22:21:45","date_gmt":"2025-09-17T20:21:45","guid":{"rendered":"https:\/\/rubi.com.py\/index.php\/producto\/secador-de-pelo-remington-mod-ac9096-1875w-220v\/"},"modified":"2026-04-20T22:21:29","modified_gmt":"2026-04-20T20:21:29","slug":"secador-de-pelo-remington-mod-ac9096-1875w-220v","status":"publish","type":"product","link":"https:\/\/rubi.com.py\/index.php\/producto\/secador-de-pelo-remington-mod-ac9096-1875w-220v\/","title":{"rendered":"SECADOR DE PELO REMINGTON MOD AC9096 1875W 220V"},"content":{"rendered":"<p>* Acondicionadores de iones 90% m\u00e1s iones para menos frizz y m\u00e1s brillo. * 140 km-h para una velocidad r\u00e1pida de aire y un r\u00e1pido secado. * Funci\u00f3n empuje de turbo. Concentrador delgado. * Motor AC de larga duraci\u00f3n de calidad de sal\u00f3n. * Rejilla trasera removible para una f\u00e1cil limpieza. * Cable giratorio de 3 mts. estilo sal\u00f3n. * 1850-2400W, 220V. Aro para colgar. * Rejilla con cer\u00e1mica de seda. Im\u00e1genes meramente ilustrativas. Im\u00e1genes e informaci\u00f3n sujetas a cambios sin previo aviso. Detalles t\u00e9cnicos: \u2022 ANCHO: 30 CM \u2022 ALTO: 24 CM \u2022 LARGO: 11,5 CM \u2022 PESO: 1010 GR<\/p>\n","protected":false},"excerpt":{"rendered":"<p>* Acondicionadores de iones 90% m\u00e1s iones para menos frizz y m\u00e1s brillo. * 140 km-h para una velocidad r\u00e1pida de aire y un r\u00e1pido secado. * Funci\u00f3n empuje de turbo. Concentrador delgado. * Motor AC de larga duraci\u00f3n de calidad de sal\u00f3n. * Rejilla trasera removible para una f\u00e1cil limpieza. * Cable giratorio de 3 mts. estilo sal\u00f3n. * 1850-2400W, 220V. Aro para colgar. * Rejilla con cer\u00e1mica de seda. Im\u00e1genes meramente ilustrativas. Im\u00e1genes e informaci\u00f3n sujetas a cambios sin previo aviso.<\/p>\n","protected":false},"featured_media":4631,"comment_status":"open","ping_status":"closed","template":"","meta":{"_et_pb_use_builder":"","_et_pb_old_content":"","_et_gb_content_width":""},"product_brand":[],"product_cat":[45],"product_tag":[],"class_list":{"0":"post-415","1":"product","2":"type-product","3":"status-publish","4":"has-post-thumbnail","6":"product_cat-salud-y-belleza","8":"first","9":"instock","10":"shipping-taxable","11":"purchasable","12":"product-type-simple"},"_links":{"self":[{"href":"https:\/\/rubi.com.py\/index.php\/wp-json\/wp\/v2\/product\/415","targetHints":{"allow":["GET"]}}],"collection":[{"href":"https:\/\/rubi.com.py\/index.php\/wp-json\/wp\/v2\/product"}],"about":[{"href":"https:\/\/rubi.com.py\/index.php\/wp-json\/wp\/v2\/types\/product"}],"replies":[{"embeddable":true,"href":"https:\/\/rubi.com.py\/index.php\/wp-json\/wp\/v2\/comments?post=415"}],"wp:featuredmedia":[{"embeddable":true,"href":"https:\/\/rubi.com.py\/index.php\/wp-json\/wp\/v2\/media\/4631"}],"wp:attachment":[{"href":"https:\/\/rubi.com.py\/index.php\/wp-json\/wp\/v2\/media?parent=415"}],"wp:term":[{"taxonomy":"product_brand","embeddable":true,"href":"https:\/\/rubi.com.py\/index.php\/wp-json\/wp\/v2\/product_brand?post=415"},{"taxonomy":"product_cat","embeddable":true,"href":"https:\/\/rubi.com.py\/index.php\/wp-json\/wp\/v2\/product_cat?post=415"},{"taxonomy":"product_tag","embeddable":true,"href":"https:\/\/rubi.com.py\/index.php\/wp-json\/wp\/v2\/product_tag?post=415"}],"curies":[{"name":"wp","href":"https:\/\/api.w.org\/{rel}","templated":true}]}}