{"id":4156,"date":"2026-04-20T00:25:14","date_gmt":"2026-04-19T22:25:14","guid":{"rendered":"https:\/\/rubi.com.py\/index.php\/producto\/horno-freidora-s-aceite-digital-gourmet-14l-nef-174\/"},"modified":"2026-04-20T00:25:14","modified_gmt":"2026-04-19T22:25:14","slug":"horno-freidora-s-aceite-digital-gourmet-14l-nef-174","status":"publish","type":"product","link":"https:\/\/rubi.com.py\/index.php\/producto\/horno-freidora-s-aceite-digital-gourmet-14l-nef-174\/","title":{"rendered":"HORNO FREIDORA S\/ACEITE DIGITAL GOURMET 14L NEF-174"},"content":{"rendered":"<p>HORNO FREIDORA S\/ACEITE DIGITAL GOURMET 14L NEF-174 Caracter\u00edsticas: -2 en 1: Freidora y horno digital sin aceite (de aire). -Capacidad de 14 litros. -Ventana de visualizaci\u00f3n con Luz. -Panel con pantalla t\u00e1ctil LED -8 configuraciones de programas preestablecidos. -Temporizador de 60 minutos. -Control de temperatura ajustable: 80\u00ba a 200\u00b0C. -Potencia: 1700W. -Protecci\u00f3n contra sobrecalentamiento. -Incluye: Canasta giratoria, Asadera, Rejillas Airfryer, Pincho para rostizar, Asa\/Horquilla y Pinza met\u00e1lica. -Alimentaci\u00f3n: 220-240V ~ 50-60Hz.<\/p>\n","protected":false},"excerpt":{"rendered":"<p>HORNO FREIDORA S\/ACEITE DIGITAL GOURMET 14L NEF-174<\/p>\n","protected":false},"featured_media":4155,"comment_status":"open","ping_status":"closed","template":"","meta":{"_et_pb_use_builder":"","_et_pb_old_content":"","_et_gb_content_width":""},"product_brand":[],"product_cat":[33],"product_tag":[],"class_list":{"0":"post-4156","1":"product","2":"type-product","3":"status-publish","4":"has-post-thumbnail","6":"product_cat-cocina-y-comedor","8":"first","9":"instock","10":"shipping-taxable","11":"purchasable","12":"product-type-simple"},"_links":{"self":[{"href":"https:\/\/rubi.com.py\/index.php\/wp-json\/wp\/v2\/product\/4156","targetHints":{"allow":["GET"]}}],"collection":[{"href":"https:\/\/rubi.com.py\/index.php\/wp-json\/wp\/v2\/product"}],"about":[{"href":"https:\/\/rubi.com.py\/index.php\/wp-json\/wp\/v2\/types\/product"}],"replies":[{"embeddable":true,"href":"https:\/\/rubi.com.py\/index.php\/wp-json\/wp\/v2\/comments?post=4156"}],"wp:featuredmedia":[{"embeddable":true,"href":"https:\/\/rubi.com.py\/index.php\/wp-json\/wp\/v2\/media\/4155"}],"wp:attachment":[{"href":"https:\/\/rubi.com.py\/index.php\/wp-json\/wp\/v2\/media?parent=4156"}],"wp:term":[{"taxonomy":"product_brand","embeddable":true,"href":"https:\/\/rubi.com.py\/index.php\/wp-json\/wp\/v2\/product_brand?post=4156"},{"taxonomy":"product_cat","embeddable":true,"href":"https:\/\/rubi.com.py\/index.php\/wp-json\/wp\/v2\/product_cat?post=4156"},{"taxonomy":"product_tag","embeddable":true,"href":"https:\/\/rubi.com.py\/index.php\/wp-json\/wp\/v2\/product_tag?post=4156"}],"curies":[{"name":"wp","href":"https:\/\/api.w.org\/{rel}","templated":true}]}}