{"id":4160,"date":"2026-04-20T00:26:28","date_gmt":"2026-04-19T22:26:28","guid":{"rendered":"https:\/\/rubi.com.py\/index.php\/producto\/kit-taladro-atornillador-inalambrico-nhti-175\/"},"modified":"2026-04-20T00:26:28","modified_gmt":"2026-04-19T22:26:28","slug":"kit-taladro-atornillador-inalambrico-nhti-175","status":"publish","type":"product","link":"https:\/\/rubi.com.py\/index.php\/producto\/kit-taladro-atornillador-inalambrico-nhti-175\/","title":{"rendered":"KIT TALADRO ATORNILLADOR INAL\u00c1MBRICO NHTI-175"},"content":{"rendered":"<p>KIT TALADRO ATORNILLADOR INAL\u00c1MBRICO NHTI-175 Caracter\u00edsticas: -Potencia: 21V. -2 Bater\u00edas recargables de 1300mAh. -Tiempo de carga: 2,5hs. -Velocidad: 0-350 \/ 0-1350RPM. -32 Accesorios incluidos: 2 Bater\u00edas 1300mAh, 2 Mechas para metal, 1 Mecha para madera, 10 Puntas de destornillador, 9 Dados hexagonales, 1 Extensor flexible para dados, 2 Cabezales de doble punta Philips, 1 Mecha Tolsen para azulejo y vidrio, 1 extensor recto, 1 Broca de corte para vidrio, 1 Cargador -Malet\u00edn de transporte.<\/p>\n","protected":false},"excerpt":{"rendered":"<p>KIT TALADRO ATORNILLADOR INAL\u00c1MBRICO NHTI-175<\/p>\n","protected":false},"featured_media":4159,"comment_status":"open","ping_status":"closed","template":"","meta":{"_et_pb_use_builder":"","_et_pb_old_content":"","_et_gb_content_width":""},"product_brand":[],"product_cat":[36],"product_tag":[],"class_list":{"0":"post-4160","1":"product","2":"type-product","3":"status-publish","4":"has-post-thumbnail","6":"product_cat-ferreteria","8":"first","9":"instock","10":"shipping-taxable","11":"purchasable","12":"product-type-simple"},"_links":{"self":[{"href":"https:\/\/rubi.com.py\/index.php\/wp-json\/wp\/v2\/product\/4160","targetHints":{"allow":["GET"]}}],"collection":[{"href":"https:\/\/rubi.com.py\/index.php\/wp-json\/wp\/v2\/product"}],"about":[{"href":"https:\/\/rubi.com.py\/index.php\/wp-json\/wp\/v2\/types\/product"}],"replies":[{"embeddable":true,"href":"https:\/\/rubi.com.py\/index.php\/wp-json\/wp\/v2\/comments?post=4160"}],"wp:featuredmedia":[{"embeddable":true,"href":"https:\/\/rubi.com.py\/index.php\/wp-json\/wp\/v2\/media\/4159"}],"wp:attachment":[{"href":"https:\/\/rubi.com.py\/index.php\/wp-json\/wp\/v2\/media?parent=4160"}],"wp:term":[{"taxonomy":"product_brand","embeddable":true,"href":"https:\/\/rubi.com.py\/index.php\/wp-json\/wp\/v2\/product_brand?post=4160"},{"taxonomy":"product_cat","embeddable":true,"href":"https:\/\/rubi.com.py\/index.php\/wp-json\/wp\/v2\/product_cat?post=4160"},{"taxonomy":"product_tag","embeddable":true,"href":"https:\/\/rubi.com.py\/index.php\/wp-json\/wp\/v2\/product_tag?post=4160"}],"curies":[{"name":"wp","href":"https:\/\/api.w.org\/{rel}","templated":true}]}}