{"id":424,"date":"2025-09-17T22:22:40","date_gmt":"2025-09-17T20:22:40","guid":{"rendered":"https:\/\/rubi.com.py\/index.php\/producto\/secarropas-maytag-mod-mde20mnbgw-10-5-kgs-230-50hz\/"},"modified":"2026-04-20T22:23:13","modified_gmt":"2026-04-20T20:23:13","slug":"secarropas-maytag-mod-mde20mnbgw-10-5-kgs-230-50hz","status":"publish","type":"product","link":"https:\/\/rubi.com.py\/index.php\/producto\/secarropas-maytag-mod-mde20mnbgw-10-5-kgs-230-50hz\/","title":{"rendered":"SECARROPAS MAYTAG MOD MDE20MNBGW 10.5 KGS 230\/50HZ"},"content":{"rendered":"<p>* Resistencia dise\u00f1ado con una rueda de soplador adicional para un rendimiento excepcional en aplicaciones de ventilaci\u00f3n prolongada. * Capacidad de carga 10,5 kg de capacidad que permite secar grandes cargas de forma eficaz y eficiente. * Los controles mec\u00e1nicos brindan una interfaz de usuario simple con perillas robustas y f\u00e1ciles de usar. * Posee la fuerza y la artesan\u00eda requeridas para el tr\u00e1fico de un entorno de lavander\u00eda comercial, aumenta la durabilidad y la est\u00e9tica. * Proporcione a los usuarios acceso sin obst\u00e1culos durante la carga y descarga de ropa. IMAGEN ILUSTRATIVA. Detalles t\u00e9cnicos: \u2022 ANCHO: 73 CM \u2022 ALTO: 115 CM \u2022 LARGO: 80 CM \u2022 PESO: 62100 GR<\/p>\n","protected":false},"excerpt":{"rendered":"<p>* Resistencia dise\u00f1ado con una rueda de soplador adicional para un rendimiento excepcional en aplicaciones de ventilaci\u00f3n prolongada. * Capacidad de carga 10,5 kg de capacidad que permite secar grandes cargas de forma eficaz y eficiente. * Los controles mec\u00e1nicos brindan una interfaz de usuario simple con perillas robustas y f\u00e1ciles de usar. * Posee la fuerza y la artesan\u00eda requeridas para el tr\u00e1fico de un entorno de lavander\u00eda comercial, aumenta la durabilidad y la est\u00e9tica. * Proporcione a los usuarios acceso sin obst\u00e1culos durante la carga y descarga de ropa. IMAGEN ILUSTRATIVA.<\/p>\n","protected":false},"featured_media":4635,"comment_status":"open","ping_status":"closed","template":"","meta":{"_et_pb_use_builder":"","_et_pb_old_content":"","_et_gb_content_width":""},"product_brand":[],"product_cat":[41],"product_tag":[],"class_list":{"0":"post-424","1":"product","2":"type-product","3":"status-publish","4":"has-post-thumbnail","6":"product_cat-lavado-y-cuidado-de-prendas","8":"first","9":"instock","10":"shipping-taxable","11":"purchasable","12":"product-type-simple"},"_links":{"self":[{"href":"https:\/\/rubi.com.py\/index.php\/wp-json\/wp\/v2\/product\/424","targetHints":{"allow":["GET"]}}],"collection":[{"href":"https:\/\/rubi.com.py\/index.php\/wp-json\/wp\/v2\/product"}],"about":[{"href":"https:\/\/rubi.com.py\/index.php\/wp-json\/wp\/v2\/types\/product"}],"replies":[{"embeddable":true,"href":"https:\/\/rubi.com.py\/index.php\/wp-json\/wp\/v2\/comments?post=424"}],"wp:featuredmedia":[{"embeddable":true,"href":"https:\/\/rubi.com.py\/index.php\/wp-json\/wp\/v2\/media\/4635"}],"wp:attachment":[{"href":"https:\/\/rubi.com.py\/index.php\/wp-json\/wp\/v2\/media?parent=424"}],"wp:term":[{"taxonomy":"product_brand","embeddable":true,"href":"https:\/\/rubi.com.py\/index.php\/wp-json\/wp\/v2\/product_brand?post=424"},{"taxonomy":"product_cat","embeddable":true,"href":"https:\/\/rubi.com.py\/index.php\/wp-json\/wp\/v2\/product_cat?post=424"},{"taxonomy":"product_tag","embeddable":true,"href":"https:\/\/rubi.com.py\/index.php\/wp-json\/wp\/v2\/product_tag?post=424"}],"curies":[{"name":"wp","href":"https:\/\/api.w.org\/{rel}","templated":true}]}}