{"id":4244,"date":"2026-04-20T13:51:18","date_gmt":"2026-04-20T11:51:18","guid":{"rendered":"https:\/\/rubi.com.py\/index.php\/producto\/juguera-electrica-nappo-neju-132-700w\/"},"modified":"2026-04-20T13:51:18","modified_gmt":"2026-04-20T11:51:18","slug":"juguera-electrica-nappo-neju-132-700w","status":"publish","type":"product","link":"https:\/\/rubi.com.py\/index.php\/producto\/juguera-electrica-nappo-neju-132-700w\/","title":{"rendered":"JUGUERA ELECTRICA NAPPO NEJU-132 700W"},"content":{"rendered":"<p>JUGUERA ELECTRICA NAPPO NEJU-132 700W Caracter\u00edsticas: -Cuchillas de acero inoxidable. -2 velocidades. -Potencia: 700W. -Motor de cobre. -Tubo de alimentaci\u00f3n de fruta de 65mm. -Jarra para jugo de 500ml. -Safety lock. -Sistema de filtro. -Sistema de f\u00e1cil limpieza.<\/p>\n","protected":false},"excerpt":{"rendered":"<p>JUGUERA ELECTRICA NAPPO NEJU-132 700W<\/p>\n","protected":false},"featured_media":4243,"comment_status":"open","ping_status":"closed","template":"","meta":{"_et_pb_use_builder":"","_et_pb_old_content":"","_et_gb_content_width":""},"product_brand":[],"product_cat":[33],"product_tag":[],"class_list":{"0":"post-4244","1":"product","2":"type-product","3":"status-publish","4":"has-post-thumbnail","6":"product_cat-cocina-y-comedor","8":"first","9":"instock","10":"shipping-taxable","11":"purchasable","12":"product-type-simple"},"_links":{"self":[{"href":"https:\/\/rubi.com.py\/index.php\/wp-json\/wp\/v2\/product\/4244","targetHints":{"allow":["GET"]}}],"collection":[{"href":"https:\/\/rubi.com.py\/index.php\/wp-json\/wp\/v2\/product"}],"about":[{"href":"https:\/\/rubi.com.py\/index.php\/wp-json\/wp\/v2\/types\/product"}],"replies":[{"embeddable":true,"href":"https:\/\/rubi.com.py\/index.php\/wp-json\/wp\/v2\/comments?post=4244"}],"wp:featuredmedia":[{"embeddable":true,"href":"https:\/\/rubi.com.py\/index.php\/wp-json\/wp\/v2\/media\/4243"}],"wp:attachment":[{"href":"https:\/\/rubi.com.py\/index.php\/wp-json\/wp\/v2\/media?parent=4244"}],"wp:term":[{"taxonomy":"product_brand","embeddable":true,"href":"https:\/\/rubi.com.py\/index.php\/wp-json\/wp\/v2\/product_brand?post=4244"},{"taxonomy":"product_cat","embeddable":true,"href":"https:\/\/rubi.com.py\/index.php\/wp-json\/wp\/v2\/product_cat?post=4244"},{"taxonomy":"product_tag","embeddable":true,"href":"https:\/\/rubi.com.py\/index.php\/wp-json\/wp\/v2\/product_tag?post=4244"}],"curies":[{"name":"wp","href":"https:\/\/api.w.org\/{rel}","templated":true}]}}