{"id":426,"date":"2025-09-17T22:22:49","date_gmt":"2025-09-17T20:22:49","guid":{"rendered":"https:\/\/rubi.com.py\/index.php\/producto\/secarropas-maytag-mod-mde50pn-50lb-22kg-380v-415v-3f-50hz\/"},"modified":"2026-04-20T22:23:33","modified_gmt":"2026-04-20T20:23:33","slug":"secarropas-maytag-mod-mde50pn-50lb-22kg-380v-415v-3f-50hz","status":"publish","type":"product","link":"https:\/\/rubi.com.py\/index.php\/producto\/secarropas-maytag-mod-mde50pn-50lb-22kg-380v-415v-3f-50hz\/","title":{"rendered":"SECARROPAS MAYTAG MOD MDE50PN 50LB\/22KG, 380V-415V-3F-50Hz"},"content":{"rendered":"<p>* Los controles avanzados de la computadora le permiten programar los ciclos de secado, con los tiempos de secado deseados, temperaturas y enfriamiento. * El ciclo autom\u00e1tico evita el sobre-secado. * Funci\u00f3n anti ruido programable. * La pantalla muestra el tiempo restante en ciclo. * Apertura de puerta extra grande. * Compartimiento extra\u00edble de pelusa. * Dise\u00f1o de f\u00e1cil acceso para autoservicio c\u00f3modo. * Secado autom\u00e1tico y funci\u00f3n de tiempo seco. * Voltaje 208-240 V. MEDIDAS DEL PRODUCTO. * Altura 1908 mm. * Profundidad 1232 mm. * Ancho 971,5 mm. IMAGEN ILUSTRATIVA. Detalles t\u00e9cnicos: \u2022 ANCHO: 127 CM \u2022 ALTO: 197 CM \u2022 LARGO: 90 CM \u2022 PESO: 52000 GR<\/p>\n","protected":false},"excerpt":{"rendered":"<p>* Los controles avanzados de la computadora le permiten programar los ciclos de secado, con los tiempos de secado deseados, temperaturas y enfriamiento. * El ciclo autom\u00e1tico evita el sobre-secado. * Funci\u00f3n anti ruido programable. * La pantalla muestra el tiempo restante en ciclo. * Apertura de puerta extra grande. * Compartimiento extra\u00edble de pelusa. * Dise\u00f1o de f\u00e1cil acceso para autoservicio c\u00f3modo. * Secado autom\u00e1tico y funci\u00f3n de tiempo seco. * Voltaje 208-240 V. MEDIDAS DEL PRODUCTO. * Altura 1908 mm. * Profundidad 1232 mm. * Ancho 971,5 mm. IMAGEN ILUSTRATIVA.<\/p>\n","protected":false},"featured_media":4636,"comment_status":"open","ping_status":"closed","template":"","meta":{"_et_pb_use_builder":"","_et_pb_old_content":"","_et_gb_content_width":""},"product_brand":[],"product_cat":[41],"product_tag":[],"class_list":{"0":"post-426","1":"product","2":"type-product","3":"status-publish","4":"has-post-thumbnail","6":"product_cat-lavado-y-cuidado-de-prendas","8":"first","9":"instock","10":"shipping-taxable","11":"purchasable","12":"product-type-simple"},"_links":{"self":[{"href":"https:\/\/rubi.com.py\/index.php\/wp-json\/wp\/v2\/product\/426","targetHints":{"allow":["GET"]}}],"collection":[{"href":"https:\/\/rubi.com.py\/index.php\/wp-json\/wp\/v2\/product"}],"about":[{"href":"https:\/\/rubi.com.py\/index.php\/wp-json\/wp\/v2\/types\/product"}],"replies":[{"embeddable":true,"href":"https:\/\/rubi.com.py\/index.php\/wp-json\/wp\/v2\/comments?post=426"}],"wp:featuredmedia":[{"embeddable":true,"href":"https:\/\/rubi.com.py\/index.php\/wp-json\/wp\/v2\/media\/4636"}],"wp:attachment":[{"href":"https:\/\/rubi.com.py\/index.php\/wp-json\/wp\/v2\/media?parent=426"}],"wp:term":[{"taxonomy":"product_brand","embeddable":true,"href":"https:\/\/rubi.com.py\/index.php\/wp-json\/wp\/v2\/product_brand?post=426"},{"taxonomy":"product_cat","embeddable":true,"href":"https:\/\/rubi.com.py\/index.php\/wp-json\/wp\/v2\/product_cat?post=426"},{"taxonomy":"product_tag","embeddable":true,"href":"https:\/\/rubi.com.py\/index.php\/wp-json\/wp\/v2\/product_tag?post=426"}],"curies":[{"name":"wp","href":"https:\/\/api.w.org\/{rel}","templated":true}]}}