{"id":4267,"date":"2026-04-20T13:59:29","date_gmt":"2026-04-20T11:59:29","guid":{"rendered":"https:\/\/rubi.com.py\/index.php\/producto\/escurridor-de-vajilla-decoteam-2-niveles-negro\/"},"modified":"2026-04-20T13:59:29","modified_gmt":"2026-04-20T11:59:29","slug":"escurridor-de-vajilla-decoteam-2-niveles-negro","status":"publish","type":"product","link":"https:\/\/rubi.com.py\/index.php\/producto\/escurridor-de-vajilla-decoteam-2-niveles-negro\/","title":{"rendered":"ESCURRIDOR DE VAJILLA DECOTEAM 2 NIVELES NEGRO"},"content":{"rendered":"<p>ESCURRIDOR DE VAJILLA DECOTEAM 2 NIVELES NEGRO Caracter\u00edsticas: Escurridor de vajilla de 2 niveles Incluye: Bandeja de pl\u00e1stico extra\u00edble (escurridor nferior), escurridor especial para vasos, escurridor porta vasos \/ utenisilios. Cestas extra\u00edbles Gran capacidad de almacenaje. F\u00e1cl de limpiar y ensamblar Dimensiones: 42.5 x 23 x 36 cm. Color: Negro<\/p>\n","protected":false},"excerpt":{"rendered":"<p>ESCURRIDOR DE VAJILLA DECOTEAM 2 NIVELES NEGRO<\/p>\n","protected":false},"featured_media":0,"comment_status":"open","ping_status":"closed","template":"","meta":{"_et_pb_use_builder":"","_et_pb_old_content":"","_et_gb_content_width":""},"product_brand":[],"product_cat":[33],"product_tag":[],"class_list":{"0":"post-4267","1":"product","2":"type-product","3":"status-publish","5":"product_cat-cocina-y-comedor","7":"first","8":"instock","9":"shipping-taxable","10":"purchasable","11":"product-type-simple"},"_links":{"self":[{"href":"https:\/\/rubi.com.py\/index.php\/wp-json\/wp\/v2\/product\/4267","targetHints":{"allow":["GET"]}}],"collection":[{"href":"https:\/\/rubi.com.py\/index.php\/wp-json\/wp\/v2\/product"}],"about":[{"href":"https:\/\/rubi.com.py\/index.php\/wp-json\/wp\/v2\/types\/product"}],"replies":[{"embeddable":true,"href":"https:\/\/rubi.com.py\/index.php\/wp-json\/wp\/v2\/comments?post=4267"}],"wp:attachment":[{"href":"https:\/\/rubi.com.py\/index.php\/wp-json\/wp\/v2\/media?parent=4267"}],"wp:term":[{"taxonomy":"product_brand","embeddable":true,"href":"https:\/\/rubi.com.py\/index.php\/wp-json\/wp\/v2\/product_brand?post=4267"},{"taxonomy":"product_cat","embeddable":true,"href":"https:\/\/rubi.com.py\/index.php\/wp-json\/wp\/v2\/product_cat?post=4267"},{"taxonomy":"product_tag","embeddable":true,"href":"https:\/\/rubi.com.py\/index.php\/wp-json\/wp\/v2\/product_tag?post=4267"}],"curies":[{"name":"wp","href":"https:\/\/api.w.org\/{rel}","templated":true}]}}