{"id":4348,"date":"2026-04-20T14:20:16","date_gmt":"2026-04-20T12:20:16","guid":{"rendered":"https:\/\/rubi.com.py\/index.php\/producto\/olla-a-presion-nappo-digital-nek-085\/"},"modified":"2026-04-20T14:20:16","modified_gmt":"2026-04-20T12:20:16","slug":"olla-a-presion-nappo-digital-nek-085","status":"publish","type":"product","link":"https:\/\/rubi.com.py\/index.php\/producto\/olla-a-presion-nappo-digital-nek-085\/","title":{"rendered":"OLLA A PRESI\u00d3N NAPPO DIGITAL NEK-085"},"content":{"rendered":"<p>OLLA A PRESI\u00d3N NAPPO DIGITAL NEK-085 Caracter\u00edsticas: -Multifunci\u00f3n: 7 en 1 -Capacidad: 5L -Con display digital -7 modos preseteados de cocci\u00f3n -Funci\u00f3n vaporera -Funci\u00f3n que mantiene la comida caliente -Timer: 24hs -Potencia: 900W -Presi\u00f3n: 40-70KPa -Acero inoxidable antiadherente -Accesorios incluidos: cuchara de comida, taza medidora, rack<\/p>\n","protected":false},"excerpt":{"rendered":"<p>OLLA A PRESI\u00d3N NAPPO DIGITAL NEK-085<\/p>\n","protected":false},"featured_media":4347,"comment_status":"open","ping_status":"closed","template":"","meta":{"_et_pb_use_builder":"","_et_pb_old_content":"","_et_gb_content_width":""},"product_brand":[],"product_cat":[33],"product_tag":[],"class_list":{"0":"post-4348","1":"product","2":"type-product","3":"status-publish","4":"has-post-thumbnail","6":"product_cat-cocina-y-comedor","8":"first","9":"instock","10":"shipping-taxable","11":"purchasable","12":"product-type-simple"},"_links":{"self":[{"href":"https:\/\/rubi.com.py\/index.php\/wp-json\/wp\/v2\/product\/4348","targetHints":{"allow":["GET"]}}],"collection":[{"href":"https:\/\/rubi.com.py\/index.php\/wp-json\/wp\/v2\/product"}],"about":[{"href":"https:\/\/rubi.com.py\/index.php\/wp-json\/wp\/v2\/types\/product"}],"replies":[{"embeddable":true,"href":"https:\/\/rubi.com.py\/index.php\/wp-json\/wp\/v2\/comments?post=4348"}],"wp:featuredmedia":[{"embeddable":true,"href":"https:\/\/rubi.com.py\/index.php\/wp-json\/wp\/v2\/media\/4347"}],"wp:attachment":[{"href":"https:\/\/rubi.com.py\/index.php\/wp-json\/wp\/v2\/media?parent=4348"}],"wp:term":[{"taxonomy":"product_brand","embeddable":true,"href":"https:\/\/rubi.com.py\/index.php\/wp-json\/wp\/v2\/product_brand?post=4348"},{"taxonomy":"product_cat","embeddable":true,"href":"https:\/\/rubi.com.py\/index.php\/wp-json\/wp\/v2\/product_cat?post=4348"},{"taxonomy":"product_tag","embeddable":true,"href":"https:\/\/rubi.com.py\/index.php\/wp-json\/wp\/v2\/product_tag?post=4348"}],"curies":[{"name":"wp","href":"https:\/\/api.w.org\/{rel}","templated":true}]}}