{"id":4350,"date":"2026-04-20T14:20:34","date_gmt":"2026-04-20T12:20:34","guid":{"rendered":"https:\/\/rubi.com.py\/index.php\/producto\/plancha-a-vapor-nappo-vertical-nep-086\/"},"modified":"2026-04-21T02:48:57","modified_gmt":"2026-04-21T00:48:57","slug":"plancha-a-vapor-nappo-vertical-nep-086","status":"publish","type":"product","link":"https:\/\/rubi.com.py\/index.php\/producto\/plancha-a-vapor-nappo-vertical-nep-086\/","title":{"rendered":"PLANCHA A VAPOR NAPPO VERTICAL NEP-086"},"content":{"rendered":"<p>PLANCHA A VAPOR NAPPO VERTICAL NEP-086 Caracter\u00edsticas:<\/p>\n<p>&#8211; Potencia: 1800W.<\/p>\n<p>&#8211; Tanque transparente de agua de 2.0L.<\/p>\n<p>&#8211; 2 niveles de vapor<\/p>\n<p>&#8211; Sistema de vapor continuo por 55 minutos.<\/p>\n<p>&#8211; Doble protecci\u00f3n de seguridad: corte t\u00e9rmico y apagado autom\u00e1tico por sobrecalentamiento.<\/p>\n<p>&#8211; Tubo telesc\u00f3pico de altura ajustable desde 46cm a 121cm.<\/p>\n<p>&#8211; Longitud de la manguera de vapor: 106cm.<\/p>\n<p>&#8211; Alimentaci\u00f3n: 220-240V ~ 50\/60Hz. \u00b7 Accesorios incluidos: Percha de ropa, Cepillo para telas, Guante protector, Tubo telesc\u00f3pico.<\/p>\n","protected":false},"excerpt":{"rendered":"<p>PLANCHA A VAPOR NAPPO VERTICAL NEP-086<\/p>\n","protected":false},"featured_media":4718,"comment_status":"open","ping_status":"closed","template":"","meta":{"_et_pb_use_builder":"","_et_pb_old_content":"","_et_gb_content_width":""},"product_brand":[],"product_cat":[47,41],"product_tag":[],"class_list":{"0":"post-4350","1":"product","2":"type-product","3":"status-publish","4":"has-post-thumbnail","6":"product_cat-destacados","7":"product_cat-lavado-y-cuidado-de-prendas","9":"first","10":"instock","11":"shipping-taxable","12":"purchasable","13":"product-type-simple"},"_links":{"self":[{"href":"https:\/\/rubi.com.py\/index.php\/wp-json\/wp\/v2\/product\/4350","targetHints":{"allow":["GET"]}}],"collection":[{"href":"https:\/\/rubi.com.py\/index.php\/wp-json\/wp\/v2\/product"}],"about":[{"href":"https:\/\/rubi.com.py\/index.php\/wp-json\/wp\/v2\/types\/product"}],"replies":[{"embeddable":true,"href":"https:\/\/rubi.com.py\/index.php\/wp-json\/wp\/v2\/comments?post=4350"}],"wp:featuredmedia":[{"embeddable":true,"href":"https:\/\/rubi.com.py\/index.php\/wp-json\/wp\/v2\/media\/4718"}],"wp:attachment":[{"href":"https:\/\/rubi.com.py\/index.php\/wp-json\/wp\/v2\/media?parent=4350"}],"wp:term":[{"taxonomy":"product_brand","embeddable":true,"href":"https:\/\/rubi.com.py\/index.php\/wp-json\/wp\/v2\/product_brand?post=4350"},{"taxonomy":"product_cat","embeddable":true,"href":"https:\/\/rubi.com.py\/index.php\/wp-json\/wp\/v2\/product_cat?post=4350"},{"taxonomy":"product_tag","embeddable":true,"href":"https:\/\/rubi.com.py\/index.php\/wp-json\/wp\/v2\/product_tag?post=4350"}],"curies":[{"name":"wp","href":"https:\/\/api.w.org\/{rel}","templated":true}]}}