{"id":4389,"date":"2026-04-20T14:32:01","date_gmt":"2026-04-20T12:32:01","guid":{"rendered":"https:\/\/rubi.com.py\/index.php\/producto\/kit-de-taladro-inalambrico-nappo-nhk-054\/"},"modified":"2026-04-20T14:32:01","modified_gmt":"2026-04-20T12:32:01","slug":"kit-de-taladro-inalambrico-nappo-nhk-054","status":"publish","type":"product","link":"https:\/\/rubi.com.py\/index.php\/producto\/kit-de-taladro-inalambrico-nappo-nhk-054\/","title":{"rendered":"KIT DE TALADRO INALAMBRICO NAPPO NHK-054"},"content":{"rendered":"<p>KIT DE TALADRO INALAMBRICO NAPPO NHK-054 Caracter\u00edsticas: -Taladro atornillador inal\u00e1mbrico 12V. -Bater\u00eda de 1300mAh. -Luz led. -Incluye: 5 mechas, -6 puntas de destornillador, 1 conector, taladro inal\u00e1mbrico, cargador, bater\u00eda y malet\u00edn de transporte.<\/p>\n","protected":false},"excerpt":{"rendered":"<p>KIT DE TALADRO INALAMBRICO NAPPO NHK-054<\/p>\n","protected":false},"featured_media":4388,"comment_status":"open","ping_status":"closed","template":"","meta":{"_et_pb_use_builder":"","_et_pb_old_content":"","_et_gb_content_width":""},"product_brand":[],"product_cat":[36],"product_tag":[],"class_list":{"0":"post-4389","1":"product","2":"type-product","3":"status-publish","4":"has-post-thumbnail","6":"product_cat-ferreteria","8":"first","9":"instock","10":"shipping-taxable","11":"purchasable","12":"product-type-simple"},"_links":{"self":[{"href":"https:\/\/rubi.com.py\/index.php\/wp-json\/wp\/v2\/product\/4389","targetHints":{"allow":["GET"]}}],"collection":[{"href":"https:\/\/rubi.com.py\/index.php\/wp-json\/wp\/v2\/product"}],"about":[{"href":"https:\/\/rubi.com.py\/index.php\/wp-json\/wp\/v2\/types\/product"}],"replies":[{"embeddable":true,"href":"https:\/\/rubi.com.py\/index.php\/wp-json\/wp\/v2\/comments?post=4389"}],"wp:featuredmedia":[{"embeddable":true,"href":"https:\/\/rubi.com.py\/index.php\/wp-json\/wp\/v2\/media\/4388"}],"wp:attachment":[{"href":"https:\/\/rubi.com.py\/index.php\/wp-json\/wp\/v2\/media?parent=4389"}],"wp:term":[{"taxonomy":"product_brand","embeddable":true,"href":"https:\/\/rubi.com.py\/index.php\/wp-json\/wp\/v2\/product_brand?post=4389"},{"taxonomy":"product_cat","embeddable":true,"href":"https:\/\/rubi.com.py\/index.php\/wp-json\/wp\/v2\/product_cat?post=4389"},{"taxonomy":"product_tag","embeddable":true,"href":"https:\/\/rubi.com.py\/index.php\/wp-json\/wp\/v2\/product_tag?post=4389"}],"curies":[{"name":"wp","href":"https:\/\/api.w.org\/{rel}","templated":true}]}}