{"id":4435,"date":"2026-04-20T14:43:37","date_gmt":"2026-04-20T12:43:37","guid":{"rendered":"https:\/\/rubi.com.py\/index.php\/producto\/balanza-digital-nappo-ebs-003-vidrio\/"},"modified":"2026-04-20T14:43:37","modified_gmt":"2026-04-20T12:43:37","slug":"balanza-digital-nappo-ebs-003-vidrio","status":"publish","type":"product","link":"https:\/\/rubi.com.py\/index.php\/producto\/balanza-digital-nappo-ebs-003-vidrio\/","title":{"rendered":"BALANZA DIGITAL NAPPO EBS-003 VIDRIO"},"content":{"rendered":"<p>BALANZA DIGITAL NAPPO EBS-003 VIDRIO Caracter\u00edsticas: -Dise\u00f1o ergon\u00f3mico. -Capacidad: 180Kgs. -LCD Display. -Cero autom\u00e1tico. -Bater\u00eda de 3V. -Graduaci\u00f3n: 100Gr. -Apagado autom\u00e1tico. -Indicador de baja bater\u00eda<\/p>\n","protected":false},"excerpt":{"rendered":"<p>BALANZA DIGITAL NAPPO EBS-003 VIDRIO<\/p>\n","protected":false},"featured_media":4434,"comment_status":"open","ping_status":"closed","template":"","meta":{"_et_pb_use_builder":"","_et_pb_old_content":"","_et_gb_content_width":""},"product_brand":[],"product_cat":[45],"product_tag":[],"class_list":{"0":"post-4435","1":"product","2":"type-product","3":"status-publish","4":"has-post-thumbnail","6":"product_cat-salud-y-belleza","8":"first","9":"instock","10":"shipping-taxable","11":"purchasable","12":"product-type-simple"},"_links":{"self":[{"href":"https:\/\/rubi.com.py\/index.php\/wp-json\/wp\/v2\/product\/4435","targetHints":{"allow":["GET"]}}],"collection":[{"href":"https:\/\/rubi.com.py\/index.php\/wp-json\/wp\/v2\/product"}],"about":[{"href":"https:\/\/rubi.com.py\/index.php\/wp-json\/wp\/v2\/types\/product"}],"replies":[{"embeddable":true,"href":"https:\/\/rubi.com.py\/index.php\/wp-json\/wp\/v2\/comments?post=4435"}],"wp:featuredmedia":[{"embeddable":true,"href":"https:\/\/rubi.com.py\/index.php\/wp-json\/wp\/v2\/media\/4434"}],"wp:attachment":[{"href":"https:\/\/rubi.com.py\/index.php\/wp-json\/wp\/v2\/media?parent=4435"}],"wp:term":[{"taxonomy":"product_brand","embeddable":true,"href":"https:\/\/rubi.com.py\/index.php\/wp-json\/wp\/v2\/product_brand?post=4435"},{"taxonomy":"product_cat","embeddable":true,"href":"https:\/\/rubi.com.py\/index.php\/wp-json\/wp\/v2\/product_cat?post=4435"},{"taxonomy":"product_tag","embeddable":true,"href":"https:\/\/rubi.com.py\/index.php\/wp-json\/wp\/v2\/product_tag?post=4435"}],"curies":[{"name":"wp","href":"https:\/\/api.w.org\/{rel}","templated":true}]}}