{"id":4441,"date":"2026-04-20T14:44:40","date_gmt":"2026-04-20T12:44:40","guid":{"rendered":"https:\/\/rubi.com.py\/index.php\/producto\/mini-teclado-inalambrico-retroiluminado-ket-1107\/"},"modified":"2026-04-20T14:44:40","modified_gmt":"2026-04-20T12:44:40","slug":"mini-teclado-inalambrico-retroiluminado-ket-1107","status":"publish","type":"product","link":"https:\/\/rubi.com.py\/index.php\/producto\/mini-teclado-inalambrico-retroiluminado-ket-1107\/","title":{"rendered":"MINI TECLADO INALAMBRICO RETROILUMINADO KET-1107"},"content":{"rendered":"<p>MINI TECLADO INALAMBRICO RETROILUMINADO KET-1107 Caracter\u00edsticas: -Mini teclado inal\u00e1mbrico 2.4GHz con Touchpad. -Retroiluminado: Luz Azul. -Teclado en Espa\u00f1ol. -Dise\u00f1o ergon\u00f3mico. -Para Smart TV, PC, Notebooks, Consolas. -Nano Receptor USB. -Bater\u00eda: 600mA.<\/p>\n","protected":false},"excerpt":{"rendered":"<p>MINI TECLADO INALAMBRICO RETROILUMINADO KET-1107<\/p>\n","protected":false},"featured_media":4440,"comment_status":"open","ping_status":"closed","template":"","meta":{"_et_pb_use_builder":"","_et_pb_old_content":"","_et_gb_content_width":""},"product_brand":[],"product_cat":[46],"product_tag":[],"class_list":{"0":"post-4441","1":"product","2":"type-product","3":"status-publish","4":"has-post-thumbnail","6":"product_cat-tecnologia","8":"first","9":"instock","10":"shipping-taxable","11":"purchasable","12":"product-type-simple"},"_links":{"self":[{"href":"https:\/\/rubi.com.py\/index.php\/wp-json\/wp\/v2\/product\/4441","targetHints":{"allow":["GET"]}}],"collection":[{"href":"https:\/\/rubi.com.py\/index.php\/wp-json\/wp\/v2\/product"}],"about":[{"href":"https:\/\/rubi.com.py\/index.php\/wp-json\/wp\/v2\/types\/product"}],"replies":[{"embeddable":true,"href":"https:\/\/rubi.com.py\/index.php\/wp-json\/wp\/v2\/comments?post=4441"}],"wp:featuredmedia":[{"embeddable":true,"href":"https:\/\/rubi.com.py\/index.php\/wp-json\/wp\/v2\/media\/4440"}],"wp:attachment":[{"href":"https:\/\/rubi.com.py\/index.php\/wp-json\/wp\/v2\/media?parent=4441"}],"wp:term":[{"taxonomy":"product_brand","embeddable":true,"href":"https:\/\/rubi.com.py\/index.php\/wp-json\/wp\/v2\/product_brand?post=4441"},{"taxonomy":"product_cat","embeddable":true,"href":"https:\/\/rubi.com.py\/index.php\/wp-json\/wp\/v2\/product_cat?post=4441"},{"taxonomy":"product_tag","embeddable":true,"href":"https:\/\/rubi.com.py\/index.php\/wp-json\/wp\/v2\/product_tag?post=4441"}],"curies":[{"name":"wp","href":"https:\/\/api.w.org\/{rel}","templated":true}]}}