{"id":4447,"date":"2026-04-20T14:46:34","date_gmt":"2026-04-20T12:46:34","guid":{"rendered":"https:\/\/rubi.com.py\/index.php\/producto\/licuadora-electrica-nappo-nel-22\/"},"modified":"2026-04-20T14:46:34","modified_gmt":"2026-04-20T12:46:34","slug":"licuadora-electrica-nappo-nel-22","status":"publish","type":"product","link":"https:\/\/rubi.com.py\/index.php\/producto\/licuadora-electrica-nappo-nel-22\/","title":{"rendered":"LICUADORA ELECTRICA NAPPO NEL-22"},"content":{"rendered":"<p>LICUADORA ELECTRICA NAPPO NEL-22 Caracter\u00edsticas: -Potencia: 450W. -Capacidad: 1.5L. -Vaso medidor. -4 velocidades. -Cuchillas de acero inoxidable. -Incluye molinillo de caf\u00e9. -Pies de goma antideslizantes. Dise\u00f1o bajo el motor para poder guardar el cable de alimentaci\u00f3n. -Cable 1,3mts.<\/p>\n","protected":false},"excerpt":{"rendered":"<p>LICUADORA ELECTRICA NAPPO NEL-22<\/p>\n","protected":false},"featured_media":4446,"comment_status":"open","ping_status":"closed","template":"","meta":{"_et_pb_use_builder":"","_et_pb_old_content":"","_et_gb_content_width":""},"product_brand":[],"product_cat":[33],"product_tag":[],"class_list":{"0":"post-4447","1":"product","2":"type-product","3":"status-publish","4":"has-post-thumbnail","6":"product_cat-cocina-y-comedor","8":"first","9":"instock","10":"shipping-taxable","11":"purchasable","12":"product-type-simple"},"_links":{"self":[{"href":"https:\/\/rubi.com.py\/index.php\/wp-json\/wp\/v2\/product\/4447","targetHints":{"allow":["GET"]}}],"collection":[{"href":"https:\/\/rubi.com.py\/index.php\/wp-json\/wp\/v2\/product"}],"about":[{"href":"https:\/\/rubi.com.py\/index.php\/wp-json\/wp\/v2\/types\/product"}],"replies":[{"embeddable":true,"href":"https:\/\/rubi.com.py\/index.php\/wp-json\/wp\/v2\/comments?post=4447"}],"wp:featuredmedia":[{"embeddable":true,"href":"https:\/\/rubi.com.py\/index.php\/wp-json\/wp\/v2\/media\/4446"}],"wp:attachment":[{"href":"https:\/\/rubi.com.py\/index.php\/wp-json\/wp\/v2\/media?parent=4447"}],"wp:term":[{"taxonomy":"product_brand","embeddable":true,"href":"https:\/\/rubi.com.py\/index.php\/wp-json\/wp\/v2\/product_brand?post=4447"},{"taxonomy":"product_cat","embeddable":true,"href":"https:\/\/rubi.com.py\/index.php\/wp-json\/wp\/v2\/product_cat?post=4447"},{"taxonomy":"product_tag","embeddable":true,"href":"https:\/\/rubi.com.py\/index.php\/wp-json\/wp\/v2\/product_tag?post=4447"}],"curies":[{"name":"wp","href":"https:\/\/api.w.org\/{rel}","templated":true}]}}