{"id":4549,"date":"2026-04-20T21:50:18","date_gmt":"2026-04-20T19:50:18","guid":{"rendered":"https:\/\/rubi.com.py\/index.php\/producto\/set-mate-c-bombilla-y-termo-500ml-rosa\/"},"modified":"2026-04-20T21:50:18","modified_gmt":"2026-04-20T19:50:18","slug":"set-mate-c-bombilla-y-termo-500ml-rosa","status":"publish","type":"product","link":"https:\/\/rubi.com.py\/index.php\/producto\/set-mate-c-bombilla-y-termo-500ml-rosa\/","title":{"rendered":"SET MATE C\/BOMBILLA Y TERMO 500ML ROSA"},"content":{"rendered":"<p>SET MATE C\/BOMBILLA Y TERMO 500ML ROSA Caracter\u00edsticas: Dimensiones del termo: Di\u00e1metro: 6.8 cm Altura: 25 cm Capacidad: 500 ml Dimensiones del mate: Di\u00e1metro: 7.3 cm Altura: 9 cm Capacidad: 140 ml Conserva bebidas calientes hasta 12 hrs y bebidas fr\u00edas hasta 8 hrs<\/p>\n","protected":false},"excerpt":{"rendered":"<p>SET MATE C\/BOMBILLA Y TERMO 500ML ROSA<\/p>\n","protected":false},"featured_media":4548,"comment_status":"open","ping_status":"closed","template":"","meta":{"_et_pb_use_builder":"","_et_pb_old_content":"","_et_gb_content_width":""},"product_brand":[],"product_cat":[33],"product_tag":[],"class_list":{"0":"post-4549","1":"product","2":"type-product","3":"status-publish","4":"has-post-thumbnail","6":"product_cat-cocina-y-comedor","8":"first","9":"instock","10":"shipping-taxable","11":"purchasable","12":"product-type-simple"},"_links":{"self":[{"href":"https:\/\/rubi.com.py\/index.php\/wp-json\/wp\/v2\/product\/4549","targetHints":{"allow":["GET"]}}],"collection":[{"href":"https:\/\/rubi.com.py\/index.php\/wp-json\/wp\/v2\/product"}],"about":[{"href":"https:\/\/rubi.com.py\/index.php\/wp-json\/wp\/v2\/types\/product"}],"replies":[{"embeddable":true,"href":"https:\/\/rubi.com.py\/index.php\/wp-json\/wp\/v2\/comments?post=4549"}],"wp:featuredmedia":[{"embeddable":true,"href":"https:\/\/rubi.com.py\/index.php\/wp-json\/wp\/v2\/media\/4548"}],"wp:attachment":[{"href":"https:\/\/rubi.com.py\/index.php\/wp-json\/wp\/v2\/media?parent=4549"}],"wp:term":[{"taxonomy":"product_brand","embeddable":true,"href":"https:\/\/rubi.com.py\/index.php\/wp-json\/wp\/v2\/product_brand?post=4549"},{"taxonomy":"product_cat","embeddable":true,"href":"https:\/\/rubi.com.py\/index.php\/wp-json\/wp\/v2\/product_cat?post=4549"},{"taxonomy":"product_tag","embeddable":true,"href":"https:\/\/rubi.com.py\/index.php\/wp-json\/wp\/v2\/product_tag?post=4549"}],"curies":[{"name":"wp","href":"https:\/\/api.w.org\/{rel}","templated":true}]}}